
{"id":11,"date":"2023-05-05T08:58:20","date_gmt":"2023-05-05T06:58:20","guid":{"rendered":"https:\/\/zsp25.edu.wroclaw.pl\/?page_id=11"},"modified":"2025-09-29T16:39:59","modified_gmt":"2025-09-29T14:39:59","slug":"rodo","status":"publish","type":"page","link":"https:\/\/zsp25.edu.wroclaw.pl\/index.php\/rodo\/","title":{"rendered":"RODO"},"content":{"rendered":"<div class=\"wpb-content-wrapper\"><p>[vc_row][vc_column][vc_column_text css=&#8221;&#8221;]Drodzy Rodzice poni\u017cej zamieszczone pliki z informacj\u0105 dotycz\u0105ca ochrony Danych osobowych oraz wyra\u017cania zgody na ich przetwarzanie a tak\u017ce wszelkie informacje odno\u015bnie RODO kt\u00f3re s\u0105 dost\u0119pne r\u00f3wnie\u017c w wersji papierowej w naszej gablotce.<\/p>\n<div><span style=\"font-family: Aptos;font-size: 16px\"><b>Inspektor Ochrony Danych<\/b><\/span><\/div>\n<div><span style=\"font-family: Aptos;font-size: 16px\">Kamila Maciejewska<\/span><\/div>\n<div><span style=\"font-family: Aptos;font-size: 16px\">e-mail:\u00a0<a href=\"mailto:k.maciejewska@coreconsulting.pl\" target=\"_blank\" rel=\"noopener noreferrer\">k.maciejewska@coreconsulting.pl<\/a><\/span><\/div>\n<div><span style=\"font-family: Aptos;font-size: 16px\"><b>Zast\u0119pca Inspektora Ochrony Danych<\/b><\/span><\/div>\n<div><span style=\"font-family: Aptos;font-size: 16px\">Natalia Saleniuk<\/span><\/div>\n<div><span style=\"font-family: Aptos;font-size: 16px\">e-mail:\u00a0<a href=\"mailto:n.saleniuk@coreconsulting.pl\" target=\"_blank\" rel=\"noopener noreferrer\">n.saleniuk@coreconsulting.pl<\/a><\/span><\/div>\n<p>Zach\u0119camy do zapoznania si\u0119.<\/p>\n<p><a href=\"https:\/\/zsp25.edu.wroclaw.pl\/wp-content\/uploads\/sites\/77\/2023\/05\/Zal.-7.-Klauzula-zlozenie-pisma-w-placowce.docx\" target=\"_blank\" rel=\"noopener\">Zal.-7.-Klauzula-zlozenie-pisma-w-placowce.docx (39KB)<\/a><\/p>\n<p><a href=\"https:\/\/zsp25.edu.wroclaw.pl\/wp-content\/uploads\/sites\/77\/2023\/05\/Zal.-7a.-Klauzula-zlozenie-pisma-wersja-skrocona.docx\" target=\"_blank\" rel=\"noopener\">Zal.-7a.-Klauzula-zlozenie-pisma-wersja-skrocona.dox (29KB)<\/a><\/p>\n<p><a href=\"https:\/\/zsp25.edu.wroclaw.pl\/wp-content\/uploads\/sites\/77\/2023\/05\/Zal.-7b.-Klauzula-postepowanie-administracyjne.docx\" target=\"_blank\" rel=\"noopener\">Zal.-7b.-Klauzula-postepowanie-administracyjne.docx (38KB)<\/a><\/p>\n<p><a href=\"https:\/\/zsp25.edu.wroclaw.pl\/wp-content\/uploads\/sites\/77\/2023\/05\/Zal.-7c.-Klauzula-korespondencja-elektroniczna.docx\" target=\"_blank\" rel=\"noopener\">Zal.-7c.-Klauzula-korespondencja-elektroniczna.docx (39KB)<\/a><\/p>\n<p><a href=\"https:\/\/zsp25.edu.wroclaw.pl\/wp-content\/uploads\/sites\/77\/2023\/05\/Zal.-7e.-Klauzula-strona-www.docx\" target=\"_blank\" rel=\"noopener\">Zal.-7e.-Klauzula-strona-www.docx (38KB)<\/a><\/p>\n<p><a href=\"https:\/\/zsp25.edu.wroclaw.pl\/wp-content\/uploads\/sites\/77\/2025\/09\/Zal.-7f.-Klauzula-umowa.docx\">Zal.-7f.-Klauzula-umowa.docx<\/a><\/p>\n<p><a href=\"https:\/\/zsp25.edu.wroclaw.pl\/wp-content\/uploads\/sites\/77\/2023\/05\/Zal.-7g.-Klauzula-zamowienia-publiczne.docx\" target=\"_blank\" rel=\"noopener\">Zal.-7g.-Klauzula-zamowienia-publiczne.docx (38KB)<\/a><\/p>\n<p><a href=\"https:\/\/zsp25.edu.wroclaw.pl\/wp-content\/uploads\/sites\/77\/2023\/05\/Zal.-7h.-Klauzula-umowa-najmu.docx\" target=\"_blank\" rel=\"noopener\">Zal.-7h.-Klauzula-umowa-najmu.docx (34KB)<\/a><\/p>\n<p><a href=\"https:\/\/zsp25.edu.wroclaw.pl\/wp-content\/uploads\/sites\/77\/2023\/05\/Zal.-7j.-Kauzula-wolontariusz.docx\" target=\"_blank\" rel=\"noopener\">Zal.-7j.-Kauzula-wolontariusz.docx (39KB)<\/a><\/p>\n<p><a href=\"https:\/\/zsp25.edu.wroclaw.pl\/wp-content\/uploads\/sites\/77\/2023\/05\/Zal.-7k.-Klauzula-rekrutacja-pracownika.docx\" target=\"_blank\" rel=\"noopener\">Zal.-7k.-Klauzula-rekrutacja-pracownika.docx (39KB)<\/a><\/p>\n<p><a href=\"https:\/\/zsp25.edu.wroclaw.pl\/wp-content\/uploads\/sites\/77\/2023\/05\/Zal.-7l.-Klauzula-pracownik-nauczyciel.docx\" target=\"_blank\" rel=\"noopener\">Zal.-7l.-Klauzula-pracownik-nauczyciel.docx (40KB)<\/a><\/p>\n<p><a href=\"https:\/\/zsp25.edu.wroclaw.pl\/wp-content\/uploads\/sites\/77\/2023\/05\/Zal.-7m.-Klauzula-pracownik-samorzadowy.docx\" target=\"_blank\" rel=\"noopener\">Zal.-7m.-Klauzula-pracownik-samorzadowy.docx (40KB)<\/a><\/p>\n<p><a href=\"https:\/\/zsp25.edu.wroclaw.pl\/wp-content\/uploads\/sites\/77\/2023\/05\/Zal.-7n.-Klauzula-edukacja-dziecka-w-placowce.docx\" target=\"_blank\" rel=\"noopener\">Zal.-7n.-Klauzula-edukacja-dziecka-w-placowce.docx (40KB)<\/a><\/p>\n<p><a href=\"https:\/\/zsp25.edu.wroclaw.pl\/wp-content\/uploads\/sites\/77\/2023\/05\/Zal.-7p.-Klauzula-opiekun-wycieczki.docx\" target=\"_blank\" rel=\"noopener\">Zal.-7p.-Klauzula-opiekun-wycieczki.docx (38KB)<\/a><\/p>\n<p><a href=\"https:\/\/zsp25.edu.wroclaw.pl\/wp-content\/uploads\/sites\/77\/2023\/05\/Zal.-7r.-Klauzula-przyjecie-dziecka-w-ramach-dyzuru-wakacyjnego.docx\" target=\"_blank\" rel=\"noopener\">Zal.-7r.-Klauzula-przyjecie-dziecka-w-ramach-dyzuru-wakacyjnego.docx (34KB)<\/a><\/p>\n<p><a href=\"https:\/\/zsp25.edu.wroclaw.pl\/wp-content\/uploads\/sites\/77\/2023\/05\/Zal.-7s-Klauzula-praca-spolecznie-uzyteczna.docx\" target=\"_blank\" rel=\"noopener\">Zal.-7s-Klauzula-praca-spolecznie-uzyteczna.docx (37KB)<\/a><\/p>\n<p><a href=\"https:\/\/zsp25.edu.wroclaw.pl\/wp-content\/uploads\/sites\/77\/2023\/05\/Zal.-7t.-Klauzula-ZFSS.docx\" target=\"_blank\" rel=\"noopener\">Zal.-7t.-Klauzula-ZFSS.docx (37KB)<\/a><\/p>\n<p><a href=\"https:\/\/zsp25.edu.wroclaw.pl\/wp-content\/uploads\/sites\/77\/2023\/05\/Zal.-7u.-Klauzula-praktykanci.docx\" target=\"_blank\" rel=\"noopener\">Zal.-7u.-Klauzula-praktykanci.docx (38KB)<\/a><\/p>\n<p><a href=\"https:\/\/zsp25.edu.wroclaw.pl\/wp-content\/uploads\/sites\/77\/2023\/05\/Zal.-7w.-Klauzula-Fundusz-Zdrowotny.docx\" target=\"_blank\" rel=\"noopener\">Zal.-7w.-Klauzula-Fundusz-Zdrowotny.docx (37KB)<\/a><\/p>\n<p><a href=\"https:\/\/zsp25.edu.wroclaw.pl\/wp-content\/uploads\/sites\/77\/2023\/05\/Zal.-7x.-Klauzula-dla-osob-upowaznionych-do-odbioru-dziecka-z-przedszkola.docx\" target=\"_blank\" rel=\"noopener\">Zal.-7x.-Klauzula-dla-osob-upowaznionych-do-odbioru-dziecka-z-przedszkola.docx (36KB)<\/a><\/p>\n<p><a href=\"https:\/\/zsp25.edu.wroclaw.pl\/wp-content\/uploads\/sites\/77\/2025\/03\/Klauzula-informacyjna-monitoring-wizyjny.docx\">Klauzula informacyjna &#8211; monitoring wizyjny<\/a>[\/vc_column_text][\/vc_column][\/vc_row]<\/p>\n<\/div>","protected":false},"excerpt":{"rendered":"<p>[vc_row][vc_column][vc_column_text css=&#8221;&#8221;]Drodzy Rodzice poni\u017cej zamieszczone pliki z informacj\u0105 dotycz\u0105ca ochrony Danych osobowych oraz wyra\u017cania zgody na ich przetwarzanie a tak\u017ce wszelkie informacje odno\u015bnie RODO kt\u00f3re s\u0105 dost\u0119pne r\u00f3wnie\u017c w wersji [&hellip;]<\/p>\n","protected":false},"author":7,"featured_media":0,"parent":0,"menu_order":0,"comment_status":"closed","ping_status":"closed","template":"","meta":{"footnotes":""},"class_list":["post-11","page","type-page","status-publish","hentry","clearfix"],"_links":{"self":[{"href":"https:\/\/zsp25.edu.wroclaw.pl\/index.php\/wp-json\/wp\/v2\/pages\/11","targetHints":{"allow":["GET"]}}],"collection":[{"href":"https:\/\/zsp25.edu.wroclaw.pl\/index.php\/wp-json\/wp\/v2\/pages"}],"about":[{"href":"https:\/\/zsp25.edu.wroclaw.pl\/index.php\/wp-json\/wp\/v2\/types\/page"}],"author":[{"embeddable":true,"href":"https:\/\/zsp25.edu.wroclaw.pl\/index.php\/wp-json\/wp\/v2\/users\/7"}],"replies":[{"embeddable":true,"href":"https:\/\/zsp25.edu.wroclaw.pl\/index.php\/wp-json\/wp\/v2\/comments?post=11"}],"version-history":[{"count":11,"href":"https:\/\/zsp25.edu.wroclaw.pl\/index.php\/wp-json\/wp\/v2\/pages\/11\/revisions"}],"predecessor-version":[{"id":6518,"href":"https:\/\/zsp25.edu.wroclaw.pl\/index.php\/wp-json\/wp\/v2\/pages\/11\/revisions\/6518"}],"wp:attachment":[{"href":"https:\/\/zsp25.edu.wroclaw.pl\/index.php\/wp-json\/wp\/v2\/media?parent=11"}],"curies":[{"name":"wp","href":"https:\/\/api.w.org\/{rel}","templated":true}]}}

<div class="wpb-content-wrapper"><p>[vc_row][vc_column][vc_column_text css=&#8221;&#8221;]Drodzy Rodzice poniżej zamieszczone pliki z informacją dotycząca ochrony Danych osobowych oraz wyrażania zgody na ich przetwarzanie a także wszelkie informacje odnośnie RODO które są dostępne również w wersji papierowej w naszej gablotce.</p>
<div><span style="font-family: Aptos;font-size: 16px"><b>Inspektor Ochrony Danych</b></span></div>
<div><span style="font-family: Aptos;font-size: 16px">Kamila Maciejewska</span></div>
<div><span style="font-family: Aptos;font-size: 16px">e-mail: <a href="mailto:k.maciejewska@coreconsulting.pl" target="_blank" rel="noopener noreferrer">k.maciejewska@coreconsulting.pl</a></span></div>
<div><span style="font-family: Aptos;font-size: 16px"><b>Zastępca Inspektora Ochrony Danych</b></span></div>
<div><span style="font-family: Aptos;font-size: 16px">Natalia Saleniuk</span></div>
<div><span style="font-family: Aptos;font-size: 16px">e-mail: <a href="mailto:n.saleniuk@coreconsulting.pl" target="_blank" rel="noopener noreferrer">n.saleniuk@coreconsulting.pl</a></span></div>
<p>Zachęcamy do zapoznania się.</p>
<p><a href="https://zsp25.edu.wroclaw.pl/wp-content/uploads/sites/77/2023/05/Zal.-7.-Klauzula-zlozenie-pisma-w-placowce.docx" target="_blank" rel="noopener">Zal.-7.-Klauzula-zlozenie-pisma-w-placowce.docx (39KB)</a></p>
<p><a href="https://zsp25.edu.wroclaw.pl/wp-content/uploads/sites/77/2023/05/Zal.-7a.-Klauzula-zlozenie-pisma-wersja-skrocona.docx" target="_blank" rel="noopener">Zal.-7a.-Klauzula-zlozenie-pisma-wersja-skrocona.dox (29KB)</a></p>
<p><a href="https://zsp25.edu.wroclaw.pl/wp-content/uploads/sites/77/2023/05/Zal.-7b.-Klauzula-postepowanie-administracyjne.docx" target="_blank" rel="noopener">Zal.-7b.-Klauzula-postepowanie-administracyjne.docx (38KB)</a></p>
<p><a href="https://zsp25.edu.wroclaw.pl/wp-content/uploads/sites/77/2023/05/Zal.-7c.-Klauzula-korespondencja-elektroniczna.docx" target="_blank" rel="noopener">Zal.-7c.-Klauzula-korespondencja-elektroniczna.docx (39KB)</a></p>
<p><a href="https://zsp25.edu.wroclaw.pl/wp-content/uploads/sites/77/2023/05/Zal.-7e.-Klauzula-strona-www.docx" target="_blank" rel="noopener">Zal.-7e.-Klauzula-strona-www.docx (38KB)</a></p>
<p><a href="https://zsp25.edu.wroclaw.pl/wp-content/uploads/sites/77/2025/09/Zal.-7f.-Klauzula-umowa.docx">Zal.-7f.-Klauzula-umowa.docx</a></p>
<p><a href="https://zsp25.edu.wroclaw.pl/wp-content/uploads/sites/77/2023/05/Zal.-7g.-Klauzula-zamowienia-publiczne.docx" target="_blank" rel="noopener">Zal.-7g.-Klauzula-zamowienia-publiczne.docx (38KB)</a></p>
<p><a href="https://zsp25.edu.wroclaw.pl/wp-content/uploads/sites/77/2023/05/Zal.-7h.-Klauzula-umowa-najmu.docx" target="_blank" rel="noopener">Zal.-7h.-Klauzula-umowa-najmu.docx (34KB)</a></p>
<p><a href="https://zsp25.edu.wroclaw.pl/wp-content/uploads/sites/77/2023/05/Zal.-7j.-Kauzula-wolontariusz.docx" target="_blank" rel="noopener">Zal.-7j.-Kauzula-wolontariusz.docx (39KB)</a></p>
<p><a href="https://zsp25.edu.wroclaw.pl/wp-content/uploads/sites/77/2023/05/Zal.-7k.-Klauzula-rekrutacja-pracownika.docx" target="_blank" rel="noopener">Zal.-7k.-Klauzula-rekrutacja-pracownika.docx (39KB)</a></p>
<p><a href="https://zsp25.edu.wroclaw.pl/wp-content/uploads/sites/77/2023/05/Zal.-7l.-Klauzula-pracownik-nauczyciel.docx" target="_blank" rel="noopener">Zal.-7l.-Klauzula-pracownik-nauczyciel.docx (40KB)</a></p>
<p><a href="https://zsp25.edu.wroclaw.pl/wp-content/uploads/sites/77/2023/05/Zal.-7m.-Klauzula-pracownik-samorzadowy.docx" target="_blank" rel="noopener">Zal.-7m.-Klauzula-pracownik-samorzadowy.docx (40KB)</a></p>
<p><a href="https://zsp25.edu.wroclaw.pl/wp-content/uploads/sites/77/2023/05/Zal.-7n.-Klauzula-edukacja-dziecka-w-placowce.docx" target="_blank" rel="noopener">Zal.-7n.-Klauzula-edukacja-dziecka-w-placowce.docx (40KB)</a></p>
<p><a href="https://zsp25.edu.wroclaw.pl/wp-content/uploads/sites/77/2023/05/Zal.-7p.-Klauzula-opiekun-wycieczki.docx" target="_blank" rel="noopener">Zal.-7p.-Klauzula-opiekun-wycieczki.docx (38KB)</a></p>
<p><a href="https://zsp25.edu.wroclaw.pl/wp-content/uploads/sites/77/2023/05/Zal.-7r.-Klauzula-przyjecie-dziecka-w-ramach-dyzuru-wakacyjnego.docx" target="_blank" rel="noopener">Zal.-7r.-Klauzula-przyjecie-dziecka-w-ramach-dyzuru-wakacyjnego.docx (34KB)</a></p>
<p><a href="https://zsp25.edu.wroclaw.pl/wp-content/uploads/sites/77/2023/05/Zal.-7s-Klauzula-praca-spolecznie-uzyteczna.docx" target="_blank" rel="noopener">Zal.-7s-Klauzula-praca-spolecznie-uzyteczna.docx (37KB)</a></p>
<p><a href="https://zsp25.edu.wroclaw.pl/wp-content/uploads/sites/77/2023/05/Zal.-7t.-Klauzula-ZFSS.docx" target="_blank" rel="noopener">Zal.-7t.-Klauzula-ZFSS.docx (37KB)</a></p>
<p><a href="https://zsp25.edu.wroclaw.pl/wp-content/uploads/sites/77/2023/05/Zal.-7u.-Klauzula-praktykanci.docx" target="_blank" rel="noopener">Zal.-7u.-Klauzula-praktykanci.docx (38KB)</a></p>
<p><a href="https://zsp25.edu.wroclaw.pl/wp-content/uploads/sites/77/2023/05/Zal.-7w.-Klauzula-Fundusz-Zdrowotny.docx" target="_blank" rel="noopener">Zal.-7w.-Klauzula-Fundusz-Zdrowotny.docx (37KB)</a></p>
<p><a href="https://zsp25.edu.wroclaw.pl/wp-content/uploads/sites/77/2023/05/Zal.-7x.-Klauzula-dla-osob-upowaznionych-do-odbioru-dziecka-z-przedszkola.docx" target="_blank" rel="noopener">Zal.-7x.-Klauzula-dla-osob-upowaznionych-do-odbioru-dziecka-z-przedszkola.docx (36KB)</a></p>
<p><a href="https://zsp25.edu.wroclaw.pl/wp-content/uploads/sites/77/2025/03/Klauzula-informacyjna-monitoring-wizyjny.docx">Klauzula informacyjna &#8211; monitoring wizyjny</a>[/vc_column_text][/vc_column][/vc_row]</p>
</div>

<p>[vc_row][vc_column][vc_column_text css=&#8221;&#8221;]Drodzy Rodzice poniżej zamieszczone pliki z informacją dotycząca ochrony Danych osobowych oraz wyrażania zgody na ich przetwarzanie a także wszelkie informacje odnośnie RODO które są dostępne również w wersji [&hellip;]</p>
