
{"id":118,"date":"2023-05-10T14:18:17","date_gmt":"2023-05-10T12:18:17","guid":{"rendered":"https:\/\/zsp25.edu.wroclaw.pl\/?page_id=118"},"modified":"2025-10-05T16:50:27","modified_gmt":"2025-10-05T14:50:27","slug":"kalendarz-roku-szkolnego","status":"publish","type":"page","link":"https:\/\/zsp25.edu.wroclaw.pl\/index.php\/szkola-podstawowa\/kalendarz-roku-szkolnego\/","title":{"rendered":"Kalendarz roku szkolnego"},"content":{"rendered":"<p><span style=\"color: #008000\"><strong>KALENDARZ ROKU SZKOLNEGO 2025\/2026<\/strong><\/span><\/p>\n<p>Rozpocz\u0119cie zaj\u0119\u0107 dydaktyczno-wychowawczych 1 wrze\u015bnia 2025 r.<\/p>\n<p>Zimowa przerwa \u015bwi\u0105teczna 22 \u2013 31 grudnia 2025 r.<\/p>\n<p>Ferie zimowe 2 \u2013 15 lutego 2026 r.<\/p>\n<p>Wiosenna przerwa \u015bwi\u0105teczna 2 \u2013 7 kwietnia 2026 r.<\/p>\n<p>Egzamin \u00f3smoklasisty 11 -12 &#8211; 13 maja 2026 r.<\/p>\n<p>Zako\u0144czenie roku szkolnego 26 czerwca 2026 r.<\/p>\n<p>Zako\u0144czenie I\u00a0semestru \u2013 31 stycznia 2026 r.<\/p>\n<p>186 dni nauki 37,2 tygodni<\/p>\n<p>I semestr 98 dni &#8211; 19,6 tyg.<\/p>\n<p>II semestr 88 dni &#8211; 17 tyg.<\/p>\n<p><span style=\"color: #008000\"><strong><u>DNI WOLNE OD ZAJ\u0118\u0106<\/u><\/strong><\/span><\/p>\n<p><strong>Wszystkich \u015awi\u0119tych\u00a0\u00a0\u00a0\u00a0\u00a0\u00a0\u00a0\u00a0\u00a0\u00a0\u00a0\u00a0\u00a0\u00a0\u00a0\u00a0\u00a0\u00a0\u00a0\u00a0\u00a0\u00a0 \u00a0\u00a0\u00a0\u00a0\u00a0\u00a0\u00a0\u00a0\u00a0 1 listopada 2025 r. (sobota)<\/strong><\/p>\n<p><strong>\u015awi\u0119to Niepodleg\u0142o\u015bci\u00a0 \u00a0 \u00a0 \u00a0 \u00a0 \u00a0 \u00a0 \u00a0 \u00a0 \u00a0 \u00a0 \u00a0 \u00a0 \u00a0 \u00a0 11 listopada 2025 r. (wtorek)\u00a0\u00a0 <\/strong><\/p>\n<p><strong>Zimowa przerwa \u015bwi\u0105teczna\u00a0\u00a0\u00a0\u00a0\u00a0\u00a0\u00a0\u00a0\u00a0 \u00a0\u00a0\u00a0\u00a0\u00a0\u00a0 <\/strong><strong>22 grudnia (poniedzia\u0142ek)\u00a0 \u2013 1 stycznia 2025 r.(czwartek)\u00a0 <\/strong><strong>\u00a0<\/strong><\/p>\n<p><strong>Nowy Rok\u00a0 \u00a0 \u00a0 \u00a0 \u00a0 \u00a0 \u00a0 \u00a0 \u00a0 \u00a0 \u00a0 \u00a0 \u00a0 \u00a0 \u00a0 \u00a0 \u00a0 \u00a0 \u00a0 \u00a0 \u00a0 \u00a0 \u00a0 \u00a0 \u00a0 \u00a0 \u00a0 1 stycznia 2026 r. (czwartek)<\/strong><\/p>\n<p><strong>Trzech Kr\u00f3li\u00a0 \u00a0 \u00a0 \u00a0 \u00a0 \u00a0 \u00a0 \u00a0 \u00a0 \u00a0 \u00a0 \u00a0 \u00a0 \u00a0 \u00a0 \u00a0 \u00a0 \u00a0 \u00a0 \u00a0 \u00a0 \u00a0 \u00a0 \u00a0 \u00a0 6 stycznia 2026 r. (wtorek)<\/strong><\/p>\n<p><strong>Ferie zimowe\u00a0\u00a0\u00a0\u00a0\u00a0\u00a0\u00a0\u00a0\u00a0\u00a0\u00a0\u00a0\u00a0\u00a0\u00a0\u00a0\u00a0\u00a0\u00a0\u00a0\u00a0\u00a0\u00a0\u00a0\u00a0\u00a0\u00a0\u00a0\u00a0\u00a0\u00a0\u00a0\u00a0\u00a0\u00a0\u00a0\u00a0\u00a0\u00a0\u00a0\u00a0\u00a0\u00a0\u00a0\u00a0\u00a0\u00a0 2 \u2013 15 lutego 2026 r.<\/strong><\/p>\n<p><strong>Wiosenna przerwa \u015bwi\u0105teczna\u00a0 \u00a0 \u00a0 \u00a0 \u00a0 \u00a0 \u00a0 2 kwietnia (czwartek) \u2013 7 kwietnia 2026 r. (wtorek)<\/strong><\/p>\n<p><strong>\u015awi\u0119to Pracy\u00a0\u00a0\u00a0\u00a0\u00a0\u00a0\u00a0\u00a0\u00a0\u00a0\u00a0\u00a0\u00a0\u00a0\u00a0\u00a0\u00a0\u00a0\u00a0\u00a0\u00a0\u00a0\u00a0\u00a0\u00a0\u00a0\u00a0\u00a0\u00a0\u00a0\u00a0\u00a0\u00a0\u00a0\u00a0\u00a0\u00a0\u00a0\u00a0\u00a0\u00a0\u00a0\u00a0\u00a0\u00a0\u00a0\u00a0 1 maja 2026 r. (pi\u0105tek)<\/strong><\/p>\n<p><strong>\u015awi\u0119to Konstytucji 3 Maja\u00a0 \u00a0 \u00a0 \u00a0 \u00a0 \u00a0 \u00a0 \u00a0 \u00a0 \u00a0 \u00a0 \u00a03 maja 2025 r. (niedziela)<\/strong><\/p>\n<p><strong>Bo\u017ce Cia\u0142o\u00a0\u00a0\u00a0\u00a0\u00a0\u00a0\u00a0\u00a0\u00a0\u00a0\u00a0\u00a0\u00a0\u00a0\u00a0\u00a0\u00a0\u00a0\u00a0\u00a0\u00a0\u00a0\u00a0\u00a0\u00a0\u00a0\u00a0\u00a0\u00a0\u00a0\u00a0\u00a0\u00a0\u00a0\u00a0\u00a0\u00a0\u00a0\u00a0\u00a0\u00a0\u00a0\u00a0\u00a0\u00a0\u00a0\u00a0\u00a0\u00a0\u00a0\u00a0 4 czerwca 2026 r.\u00a0 (czwartek)<\/strong><\/p>\n<p><strong>Zako\u0144czenie roku szkolnego\u00a0 \u00a0 \u00a0 \u00a0 \u00a0 \u00a0 \u00a0 \u00a0 26 czerwca 2026 r. (pi\u0105tek)<\/strong><\/p>\n<p><strong>Wakacje \u00a0\u00a0\u00a0\u00a0\u00a0\u00a0\u00a0\u00a0\u00a0\u00a0\u00a0\u00a0\u00a0\u00a0\u00a0\u00a0\u00a0\u00a0\u00a0\u00a0\u00a0\u00a0\u00a0\u00a0\u00a0\u00a0\u00a0\u00a0\u00a0\u00a0\u00a0\u00a0\u00a0\u00a0\u00a0\u00a0\u00a0\u00a0\u00a0\u00a0\u00a0\u00a0\u00a0\u00a0\u00a0\u00a0\u00a0\u00a0\u00a0\u00a0\u00a0\u00a0\u00a0\u00a0 27 czerwca \u2013 31 sierpnia 2026 r.<\/strong><\/p>\n<p><strong>\u00a0\u00a0\u00a0\u00a0\u00a0\u00a0\u00a0\u00a0\u00a0\u00a0\u00a0 <\/strong><\/p>\n<p><span style=\"color: #008000\"><strong><u>Dni wolne od zaj\u0119\u0107 dydaktyczno-wychowawczych\u00a0\u00a0<\/u><\/strong><\/span><\/p>\n<p><strong>14 pa\u017adziernika 2025 r.(wtorek) &#8211; Dzie\u0144 Edukacji Narodowej<\/strong><\/p>\n<p><strong>2 stycznia 2026 r.\u00a0<\/strong><\/p>\n<p class=\"x\"><strong>11 maja 2026 r. (poniedzia\u0142ek) pisemny egzamin \u00f3smoklasisty z\u00a0j\u0119zyka polskiego<\/strong><\/p>\n<p class=\"x\"><strong>12 maja 2026 r. (wtorek) pisemny egzamin \u00f3smoklasisty z\u00a0matematyki<\/strong><\/p>\n<p class=\"x\"><strong>13 maja 2026 r. (\u015broda) pisemny egzamin \u00f3smoklasisty z\u00a0j\u0119zyka obcego<\/strong><\/p>\n<p><strong>5 czerwca 2026 r. (pi\u0105tek) \u2013\u00a0 odpracowany dzie\u0144 13 czerwca &#8211; dzie\u0144 projektowy w szkole\/ festyn\u00a0<\/strong><u><\/u><\/p>\n<p>&nbsp;<\/p>\n","protected":false},"excerpt":{"rendered":"<p>KALENDARZ ROKU SZKOLNEGO 2025\/2026 Rozpocz\u0119cie zaj\u0119\u0107 dydaktyczno-wychowawczych 1 wrze\u015bnia 2025 r. Zimowa przerwa \u015bwi\u0105teczna 22 \u2013 31 grudnia 2025 r. Ferie zimowe 2 \u2013 15 lutego 2026 r. Wiosenna przerwa [&hellip;]<\/p>\n","protected":false},"author":7,"featured_media":0,"parent":63,"menu_order":0,"comment_status":"closed","ping_status":"closed","template":"","meta":{"footnotes":""},"class_list":["post-118","page","type-page","status-publish","hentry","clearfix"],"_links":{"self":[{"href":"https:\/\/zsp25.edu.wroclaw.pl\/index.php\/wp-json\/wp\/v2\/pages\/118","targetHints":{"allow":["GET"]}}],"collection":[{"href":"https:\/\/zsp25.edu.wroclaw.pl\/index.php\/wp-json\/wp\/v2\/pages"}],"about":[{"href":"https:\/\/zsp25.edu.wroclaw.pl\/index.php\/wp-json\/wp\/v2\/types\/page"}],"author":[{"embeddable":true,"href":"https:\/\/zsp25.edu.wroclaw.pl\/index.php\/wp-json\/wp\/v2\/users\/7"}],"replies":[{"embeddable":true,"href":"https:\/\/zsp25.edu.wroclaw.pl\/index.php\/wp-json\/wp\/v2\/comments?post=118"}],"version-history":[{"count":17,"href":"https:\/\/zsp25.edu.wroclaw.pl\/index.php\/wp-json\/wp\/v2\/pages\/118\/revisions"}],"predecessor-version":[{"id":6545,"href":"https:\/\/zsp25.edu.wroclaw.pl\/index.php\/wp-json\/wp\/v2\/pages\/118\/revisions\/6545"}],"up":[{"embeddable":true,"href":"https:\/\/zsp25.edu.wroclaw.pl\/index.php\/wp-json\/wp\/v2\/pages\/63"}],"wp:attachment":[{"href":"https:\/\/zsp25.edu.wroclaw.pl\/index.php\/wp-json\/wp\/v2\/media?parent=118"}],"curies":[{"name":"wp","href":"https:\/\/api.w.org\/{rel}","templated":true}]}}

<p><span style="color: #008000"><strong>KALENDARZ ROKU SZKOLNEGO 2025/2026</strong></span></p>
<p>Rozpoczęcie zajęć dydaktyczno-wychowawczych 1 września 2025 r.</p>
<p>Zimowa przerwa świąteczna 22 – 31 grudnia 2025 r.</p>
<p>Ferie zimowe 2 – 15 lutego 2026 r.</p>
<p>Wiosenna przerwa świąteczna 2 – 7 kwietnia 2026 r.</p>
<p>Egzamin ósmoklasisty 11 -12 &#8211; 13 maja 2026 r.</p>
<p>Zakończenie roku szkolnego 26 czerwca 2026 r.</p>
<p>Zakończenie I semestru – 31 stycznia 2026 r.</p>
<p>186 dni nauki 37,2 tygodni</p>
<p>I semestr 98 dni &#8211; 19,6 tyg.</p>
<p>II semestr 88 dni &#8211; 17 tyg.</p>
<p><span style="color: #008000"><strong><u>DNI WOLNE OD ZAJĘĆ</u></strong></span></p>
<p><strong>Wszystkich Świętych                                 1 listopada 2025 r. (sobota)</strong></p>
<p><strong>Święto Niepodległości                              11 listopada 2025 r. (wtorek)   </strong></p>
<p><strong>Zimowa przerwa świąteczna                 </strong><strong>22 grudnia (poniedziałek)  – 1 stycznia 2025 r.(czwartek)  </strong><strong> </strong></p>
<p><strong>Nowy Rok                                                      1 stycznia 2026 r. (czwartek)</strong></p>
<p><strong>Trzech Króli                                                  6 stycznia 2026 r. (wtorek)</strong></p>
<p><strong>Ferie zimowe                                                2 – 15 lutego 2026 r.</strong></p>
<p><strong>Wiosenna przerwa świąteczna              2 kwietnia (czwartek) – 7 kwietnia 2026 r. (wtorek)</strong></p>
<p><strong>Święto Pracy                                                1 maja 2026 r. (piątek)</strong></p>
<p><strong>Święto Konstytucji 3 Maja                       3 maja 2025 r. (niedziela)</strong></p>
<p><strong>Boże Ciało                                                    4 czerwca 2026 r.  (czwartek)</strong></p>
<p><strong>Zakończenie roku szkolnego                26 czerwca 2026 r. (piątek)</strong></p>
<p><strong>Wakacje                                                        27 czerwca – 31 sierpnia 2026 r.</strong></p>
<p><strong>            </strong></p>
<p><span style="color: #008000"><strong><u>Dni wolne od zajęć dydaktyczno-wychowawczych  </u></strong></span></p>
<p><strong>14 października 2025 r.(wtorek) &#8211; Dzień Edukacji Narodowej</strong></p>
<p><strong>2 stycznia 2026 r. </strong></p>
<p class="x"><strong>11 maja 2026 r. (poniedziałek) pisemny egzamin ósmoklasisty z języka polskiego</strong></p>
<p class="x"><strong>12 maja 2026 r. (wtorek) pisemny egzamin ósmoklasisty z matematyki</strong></p>
<p class="x"><strong>13 maja 2026 r. (środa) pisemny egzamin ósmoklasisty z języka obcego</strong></p>
<p><strong>5 czerwca 2026 r. (piątek) –  odpracowany dzień 13 czerwca &#8211; dzień projektowy w szkole/ festyn </strong><u></u></p>
<p>&nbsp;</p>

<p>KALENDARZ ROKU SZKOLNEGO 2025/2026 Rozpoczęcie zajęć dydaktyczno-wychowawczych 1 września 2025 r. Zimowa przerwa świąteczna 22 – 31 grudnia 2025 r. Ferie zimowe 2 – 15 lutego 2026 r. Wiosenna przerwa [&hellip;]</p>
