
{"id":120,"date":"2023-05-10T14:19:31","date_gmt":"2023-05-10T12:19:31","guid":{"rendered":"https:\/\/zsp25.edu.wroclaw.pl\/?page_id=120"},"modified":"2025-10-08T18:56:25","modified_gmt":"2025-10-08T16:56:25","slug":"zebrania-z-rodzicami","status":"publish","type":"page","link":"https:\/\/zsp25.edu.wroclaw.pl\/index.php\/szkola-podstawowa\/zebrania-z-rodzicami\/","title":{"rendered":"Zebrania z rodzicami"},"content":{"rendered":"<div class=\"wpb-content-wrapper\"><p>[vc_row][vc_column][\/vc_column][\/vc_row][vc_row][vc_column][vc_column_text css=&#8221;&#8221;]<\/p>\n<table style=\"width: 72.9877%\" width=\"529\">\n<tbody>\n<tr>\n<td style=\"width: 47.3384%\" width=\"255\"><span style=\"color: #008000\"><strong>DATA<\/strong><\/span><\/td>\n<td style=\"width: 73.5741%\" width=\"274\"><span style=\"color: #008000\"><strong>RODZAJ SPOTKANIA<\/strong><\/span><\/td>\n<\/tr>\n<tr>\n<td style=\"width: 47.3384%\" width=\"255\"><strong><span style=\"color: #ff6600\">10 wrze\u015bnia 2025<\/span><\/strong><\/p>\n<p>&nbsp;<\/td>\n<td style=\"width: 73.5741%\" width=\"274\"><strong><span style=\"color: #ff6600\">Zebranie organizacyjne z rodzicami klas 1-3<\/span><\/strong><\/td>\n<\/tr>\n<tr>\n<td style=\"width: 47.3384%\" width=\"255\"><strong><span style=\"color: #ff6600\">11 wrze\u015bnia 2025<\/span><\/strong><\/td>\n<td style=\"width: 73.5741%\" width=\"274\"><strong><span style=\"color: #ff6600\">Zebranie organizacyjne z rodzicami klas 4-8<\/span><\/strong><\/td>\n<\/tr>\n<tr>\n<td style=\"width: 47.3384%\" width=\"255\"><strong><span style=\"color: #0000ff\">12 listopada 2025<\/span><\/strong><\/td>\n<td style=\"width: 73.5741%\" width=\"274\"><strong><span style=\"color: #0000ff\">Konsultacje dla rodzic\u00f3w klas 1-3<\/span><\/strong><\/td>\n<\/tr>\n<tr>\n<td style=\"width: 47.3384%\" width=\"255\"><strong><span style=\"color: #0000ff\">13 listopada 2025<\/span><\/strong><\/td>\n<td style=\"width: 73.5741%\" width=\"274\"><strong><span style=\"color: #0000ff\">Konsultacje dla rodzic\u00f3w klas 4-8<\/span><\/strong><\/td>\n<\/tr>\n<tr>\n<td style=\"width: 47.3384%\" width=\"255\"><strong><span style=\"color: #008000\">7 stycznia 2026<\/span><\/strong><\/td>\n<td style=\"width: 73.5741%\" width=\"274\"><strong><span style=\"color: #008000\">Wywiad\u00f3wka dla rodzic\u00f3w klas 1-3<\/span><\/strong><\/td>\n<\/tr>\n<tr>\n<td style=\"width: 47.3384%\" width=\"255\"><strong><span style=\"color: #008000\">8 stycznia 2026<\/span><\/strong><\/td>\n<td style=\"width: 73.5741%\" width=\"274\"><strong><span style=\"color: #008000\">Wywiad\u00f3wka dla rodzic\u00f3w klas 4-8<\/span><\/strong><\/td>\n<\/tr>\n<tr>\n<td style=\"width: 47.3384%\" width=\"255\"><strong><span style=\"color: #ff0000\">18 lutego 2026<\/span><\/strong><\/td>\n<td style=\"width: 73.5741%\" width=\"274\"><strong><span style=\"color: #ff0000\">Zebranie p\u00f3\u0142roczne z rodzicami klas 1-3<\/span><\/strong><\/td>\n<\/tr>\n<tr>\n<td style=\"width: 47.3384%\" width=\"255\"><strong><span style=\"color: #ff0000\">19 lutego 2026<\/span><\/strong><\/td>\n<td style=\"width: 73.5741%\" width=\"274\"><strong><span style=\"color: #ff0000\">Zebranie p\u00f3\u0142roczne z rodzicami klas 4-8<\/span><\/strong><\/td>\n<\/tr>\n<tr>\n<td style=\"width: 47.3384%\" width=\"255\"><strong><span style=\"color: #008000\">25 marca 2026<\/span><\/strong><\/td>\n<td style=\"width: 73.5741%\" width=\"274\"><strong><span style=\"color: #008000\">Konsultacje dla rodzic\u00f3w kl.1-3<\/span><\/strong><\/td>\n<\/tr>\n<tr>\n<td style=\"width: 47.3384%\" width=\"255\"><strong><span style=\"color: #008000\">26 marca 2026<\/span><\/strong><\/td>\n<td style=\"width: 73.5741%\" width=\"274\"><strong><span style=\"color: #008000\">Konsultacje dla rodzic\u00f3w kl. 4-8<\/span><\/strong><\/td>\n<\/tr>\n<tr>\n<td style=\"width: 47.3384%\" width=\"255\"><strong><span style=\"color: #ff0000\">18 maja 2026<\/span><\/strong><\/td>\n<td style=\"width: 73.5741%\" width=\"274\"><strong><span style=\"color: #ff0000\">Wywiad\u00f3wka dla rodzic\u00f3w klas 1-3<\/span><\/strong><\/td>\n<\/tr>\n<tr>\n<td style=\"width: 47.3384%\" width=\"255\"><strong><span style=\"color: #ff0000\">19 maja 2026<\/span><\/strong><\/td>\n<td style=\"width: 73.5741%\" width=\"274\"><strong><span style=\"color: #ff0000\">Wywiad\u00f3wka dla rodzic\u00f3w klas 4-8<\/span><\/strong><\/td>\n<\/tr>\n<\/tbody>\n<\/table>\n<p>[\/vc_column_text][\/vc_column][\/vc_row]<\/p>\n<\/div>","protected":false},"excerpt":{"rendered":"<p>[vc_row][vc_column][\/vc_column][\/vc_row][vc_row][vc_column][vc_column_text css=&#8221;&#8221;] DATA RODZAJ SPOTKANIA 10 wrze\u015bnia 2025 &nbsp; Zebranie organizacyjne z rodzicami klas 1-3 11 wrze\u015bnia 2025 Zebranie organizacyjne z rodzicami klas 4-8 12 listopada 2025 Konsultacje dla rodzic\u00f3w [&hellip;]<\/p>\n","protected":false},"author":7,"featured_media":0,"parent":63,"menu_order":0,"comment_status":"closed","ping_status":"closed","template":"","meta":{"footnotes":""},"class_list":["post-120","page","type-page","status-publish","hentry","clearfix"],"_links":{"self":[{"href":"https:\/\/zsp25.edu.wroclaw.pl\/index.php\/wp-json\/wp\/v2\/pages\/120","targetHints":{"allow":["GET"]}}],"collection":[{"href":"https:\/\/zsp25.edu.wroclaw.pl\/index.php\/wp-json\/wp\/v2\/pages"}],"about":[{"href":"https:\/\/zsp25.edu.wroclaw.pl\/index.php\/wp-json\/wp\/v2\/types\/page"}],"author":[{"embeddable":true,"href":"https:\/\/zsp25.edu.wroclaw.pl\/index.php\/wp-json\/wp\/v2\/users\/7"}],"replies":[{"embeddable":true,"href":"https:\/\/zsp25.edu.wroclaw.pl\/index.php\/wp-json\/wp\/v2\/comments?post=120"}],"version-history":[{"count":9,"href":"https:\/\/zsp25.edu.wroclaw.pl\/index.php\/wp-json\/wp\/v2\/pages\/120\/revisions"}],"predecessor-version":[{"id":6625,"href":"https:\/\/zsp25.edu.wroclaw.pl\/index.php\/wp-json\/wp\/v2\/pages\/120\/revisions\/6625"}],"up":[{"embeddable":true,"href":"https:\/\/zsp25.edu.wroclaw.pl\/index.php\/wp-json\/wp\/v2\/pages\/63"}],"wp:attachment":[{"href":"https:\/\/zsp25.edu.wroclaw.pl\/index.php\/wp-json\/wp\/v2\/media?parent=120"}],"curies":[{"name":"wp","href":"https:\/\/api.w.org\/{rel}","templated":true}]}}

<div class="wpb-content-wrapper"><p>[vc_row][vc_column][/vc_column][/vc_row][vc_row][vc_column][vc_column_text css=&#8221;&#8221;]</p>
<table style="width: 72.9877%" width="529">
<tbody>
<tr>
<td style="width: 47.3384%" width="255"><span style="color: #008000"><strong>DATA</strong></span></td>
<td style="width: 73.5741%" width="274"><span style="color: #008000"><strong>RODZAJ SPOTKANIA</strong></span></td>
</tr>
<tr>
<td style="width: 47.3384%" width="255"><strong><span style="color: #ff6600">10 września 2025</span></strong></p>
<p>&nbsp;</td>
<td style="width: 73.5741%" width="274"><strong><span style="color: #ff6600">Zebranie organizacyjne z rodzicami klas 1-3</span></strong></td>
</tr>
<tr>
<td style="width: 47.3384%" width="255"><strong><span style="color: #ff6600">11 września 2025</span></strong></td>
<td style="width: 73.5741%" width="274"><strong><span style="color: #ff6600">Zebranie organizacyjne z rodzicami klas 4-8</span></strong></td>
</tr>
<tr>
<td style="width: 47.3384%" width="255"><strong><span style="color: #0000ff">12 listopada 2025</span></strong></td>
<td style="width: 73.5741%" width="274"><strong><span style="color: #0000ff">Konsultacje dla rodziców klas 1-3</span></strong></td>
</tr>
<tr>
<td style="width: 47.3384%" width="255"><strong><span style="color: #0000ff">13 listopada 2025</span></strong></td>
<td style="width: 73.5741%" width="274"><strong><span style="color: #0000ff">Konsultacje dla rodziców klas 4-8</span></strong></td>
</tr>
<tr>
<td style="width: 47.3384%" width="255"><strong><span style="color: #008000">7 stycznia 2026</span></strong></td>
<td style="width: 73.5741%" width="274"><strong><span style="color: #008000">Wywiadówka dla rodziców klas 1-3</span></strong></td>
</tr>
<tr>
<td style="width: 47.3384%" width="255"><strong><span style="color: #008000">8 stycznia 2026</span></strong></td>
<td style="width: 73.5741%" width="274"><strong><span style="color: #008000">Wywiadówka dla rodziców klas 4-8</span></strong></td>
</tr>
<tr>
<td style="width: 47.3384%" width="255"><strong><span style="color: #ff0000">18 lutego 2026</span></strong></td>
<td style="width: 73.5741%" width="274"><strong><span style="color: #ff0000">Zebranie półroczne z rodzicami klas 1-3</span></strong></td>
</tr>
<tr>
<td style="width: 47.3384%" width="255"><strong><span style="color: #ff0000">19 lutego 2026</span></strong></td>
<td style="width: 73.5741%" width="274"><strong><span style="color: #ff0000">Zebranie półroczne z rodzicami klas 4-8</span></strong></td>
</tr>
<tr>
<td style="width: 47.3384%" width="255"><strong><span style="color: #008000">25 marca 2026</span></strong></td>
<td style="width: 73.5741%" width="274"><strong><span style="color: #008000">Konsultacje dla rodziców kl.1-3</span></strong></td>
</tr>
<tr>
<td style="width: 47.3384%" width="255"><strong><span style="color: #008000">26 marca 2026</span></strong></td>
<td style="width: 73.5741%" width="274"><strong><span style="color: #008000">Konsultacje dla rodziców kl. 4-8</span></strong></td>
</tr>
<tr>
<td style="width: 47.3384%" width="255"><strong><span style="color: #ff0000">18 maja 2026</span></strong></td>
<td style="width: 73.5741%" width="274"><strong><span style="color: #ff0000">Wywiadówka dla rodziców klas 1-3</span></strong></td>
</tr>
<tr>
<td style="width: 47.3384%" width="255"><strong><span style="color: #ff0000">19 maja 2026</span></strong></td>
<td style="width: 73.5741%" width="274"><strong><span style="color: #ff0000">Wywiadówka dla rodziców klas 4-8</span></strong></td>
</tr>
</tbody>
</table>
<p>[/vc_column_text][/vc_column][/vc_row]</p>
</div>

<p>[vc_row][vc_column][/vc_column][/vc_row][vc_row][vc_column][vc_column_text css=&#8221;&#8221;] DATA RODZAJ SPOTKANIA 10 września 2025 &nbsp; Zebranie organizacyjne z rodzicami klas 1-3 11 września 2025 Zebranie organizacyjne z rodzicami klas 4-8 12 listopada 2025 Konsultacje dla rodziców [&hellip;]</p>
