
{"id":2,"date":"2023-04-07T12:08:14","date_gmt":"2023-04-07T10:08:14","guid":{"rendered":"http:\/\/zsp25.root.edu.wroclaw.pl\/?page_id=2"},"modified":"2026-01-29T11:53:52","modified_gmt":"2026-01-29T10:53:52","slug":"przykladowa-strona","status":"publish","type":"page","link":"https:\/\/zsp25.edu.wroclaw.pl\/","title":{"rendered":"Strona g\u0142\u00f3wna"},"content":{"rendered":"<div class=\"wpb-content-wrapper\"><p>[vc_row][vc_column width=&#8221;2\/3&#8243;][vc_cta h2=&#8221;O Zespole&#8221; add_icon=&#8221;top&#8221; i_type=&#8221;entypo&#8221; i_icon_entypo=&#8221;entypo-icon entypo-icon-users&#8221; i_color=&#8221;custom&#8221; i_size=&#8221;xl&#8221; css=&#8221;.vc_custom_1737457200808{margin-bottom: 0px !important;padding-top: 0px !important;padding-right: 0px !important;padding-bottom: 0px !important;padding-left: 0px !important;}&#8221; i_custom_color=&#8221;#00366c&#8221;]W czerwcu 2023 r. zako\u0144czy\u0142a\u00a0 si\u0119 budowa jednej z najwi\u0119kszych i najnowocze\u015bniejszych szk\u00f3\u0142 we Wroc\u0142awiu. W Zespole Szkolno-Przedszkolnym nr 25 zaplanowano miejsce dla 1000 uczni\u00f3w oraz \u00a08-oddzia\u0142owe przedszkole dla 200 dzieci. 1 wrze\u015bnia 2023r. pierwsi uczniowie rozpoczn\u0105 nauk\u0119.[\/vc_cta][\/vc_column][vc_column width=&#8221;1\/3&#8243; css=&#8221;.vc_custom_1737457067690{margin-top: 60px !important;}&#8221;][vc_single_image image=&#8221;3294&#8243; img_size=&#8221;full&#8221; alignment=&#8221;center&#8221; css=&#8221;&#8221;][\/vc_column][\/vc_row][vc_row][vc_column][vc_basic_grid post_type=&#8221;post&#8221; max_items=&#8221;-1&#8243; style=&#8221;pagination&#8221; items_per_page=&#8221;4&#8243; element_width=&#8221;3&#8243; paging_design=&#8221;pagination_default_dark&#8221; paging_color=&#8221;mulled_wine&#8221; item=&#8221;274&#8243; css=&#8221;&#8221; grid_id=&#8221;vc_gid:1769684011507-4d1b1d26-715a-2&#8243; taxonomies=&#8221;19&#8243;][vc_empty_space][\/vc_column][\/vc_row][vc_row disable_element=&#8221;yes&#8221;][vc_column][vc_column_text css=&#8221;&#8221;]<\/p>\n<p style=\"text-align: center;\"><span style=\"font-size: 28px;\"><strong><span style=\"color: #008000;\">WYBIERAMY KANDYDATA NA PATRONA SZKO\u0141Y PODSTAWOWEJ NR 11 WE WROC\u0141AWIU<\/span><\/strong><\/span><\/p>\n<p><img loading=\"lazy\" decoding=\"async\" class=\"size-medium wp-image-4926 aligncenter\" src=\"https:\/\/zsp25.edu.wroclaw.pl\/wp-content\/uploads\/sites\/77\/2025\/02\/Plakat_Wybieramy-Patrona-SP11-212x300.png\" alt=\"\" width=\"212\" height=\"300\" srcset=\"https:\/\/zsp25.edu.wroclaw.pl\/wp-content\/uploads\/sites\/77\/2025\/02\/Plakat_Wybieramy-Patrona-SP11-212x300.png 212w, https:\/\/zsp25.edu.wroclaw.pl\/wp-content\/uploads\/sites\/77\/2025\/02\/Plakat_Wybieramy-Patrona-SP11-724x1024.png 724w, https:\/\/zsp25.edu.wroclaw.pl\/wp-content\/uploads\/sites\/77\/2025\/02\/Plakat_Wybieramy-Patrona-SP11-768x1086.png 768w, https:\/\/zsp25.edu.wroclaw.pl\/wp-content\/uploads\/sites\/77\/2025\/02\/Plakat_Wybieramy-Patrona-SP11-1086x1536.png 1086w, https:\/\/zsp25.edu.wroclaw.pl\/wp-content\/uploads\/sites\/77\/2025\/02\/Plakat_Wybieramy-Patrona-SP11.png 1414w\" sizes=\"auto, (max-width: 212px) 100vw, 212px\" \/><\/p>\n<p style=\"text-align: center;\"><span style=\"font-size: 28px;\"><strong><span style=\"color: #008000;\">CYFROWA SZANSA<\/span><\/strong><\/span><\/p>\n<p>Szko\u0142a Podstawowa nr 11 we Wroc\u0142awiu jest jedn\u0105 z 16 plac\u00f3wek, w kt\u00f3rych realizowany b\u0119dzie projekt &#8222;Cyfrowa szansa&#8221;.<\/p>\n<p><strong>W Projekcie zosta\u0142y zaplanowane nast\u0119puj\u0105ce dzia\u0142ania:<br \/>\n<\/strong><\/p>\n<ul>\n<li>realizacja warsztat\u00f3w, projekt\u00f3w, k\u00f3\u0142ek, zaj\u0119\u0107 rozwijaj\u0105cych i dydaktyczno-wyr\u00f3wnawczych a tak\u017ce doradztwa zawodowego,<\/li>\n<li>wsparcie zdrowia psychicznego oraz edukacji ekologicznej uczni\u00f3w w tym wyj\u015bcia i wycieczki<\/li>\n<li>budowanie i wzmacnianie umiej\u0119tno\u015bci STEM\/STEAM<\/li>\n<li>rozwijanie umiej\u0119tno\u015bci zawodowych i spo\u0142ecznych kadry pedagogicznej i zarz\u0105dzaj\u0105cej<\/li>\n<li>zakup wyposa\u017cenia i sprz\u0119tu TiK niezb\u0119dnego do realizacji program\u00f3w nauczania<\/li>\n<\/ul>\n<p>https:\/\/www.ckz.edu.pl\/index.php\/cyfrowa-szansa\/<\/p>\n<p><img loading=\"lazy\" decoding=\"async\" class=\"size-medium wp-image-4872 aligncenter\" src=\"https:\/\/zsp25.edu.wroclaw.pl\/wp-content\/uploads\/sites\/77\/2025\/02\/Cyfrowa-szansa-300x199.jpg\" alt=\"Cyfrowa szansa\" width=\"300\" height=\"199\" srcset=\"https:\/\/zsp25.edu.wroclaw.pl\/wp-content\/uploads\/sites\/77\/2025\/02\/Cyfrowa-szansa-300x199.jpg 300w, https:\/\/zsp25.edu.wroclaw.pl\/wp-content\/uploads\/sites\/77\/2025\/02\/Cyfrowa-szansa.jpg 334w\" sizes=\"auto, (max-width: 300px) 100vw, 300px\" \/><img loading=\"lazy\" decoding=\"async\" class=\"wp-image-4873 aligncenter\" src=\"https:\/\/zsp25.edu.wroclaw.pl\/wp-content\/uploads\/sites\/77\/2025\/02\/Cyfrowa-szansa-1-300x32.jpg\" alt=\"Logo\" width=\"375\" height=\"40\" srcset=\"https:\/\/zsp25.edu.wroclaw.pl\/wp-content\/uploads\/sites\/77\/2025\/02\/Cyfrowa-szansa-1-300x32.jpg 300w, https:\/\/zsp25.edu.wroclaw.pl\/wp-content\/uploads\/sites\/77\/2025\/02\/Cyfrowa-szansa-1-1024x108.jpg 1024w, https:\/\/zsp25.edu.wroclaw.pl\/wp-content\/uploads\/sites\/77\/2025\/02\/Cyfrowa-szansa-1-768x81.jpg 768w, https:\/\/zsp25.edu.wroclaw.pl\/wp-content\/uploads\/sites\/77\/2025\/02\/Cyfrowa-szansa-1-1536x163.jpg 1536w, https:\/\/zsp25.edu.wroclaw.pl\/wp-content\/uploads\/sites\/77\/2025\/02\/Cyfrowa-szansa-1-2048x217.jpg 2048w\" sizes=\"auto, (max-width: 375px) 100vw, 375px\" \/><\/p>\n<p style=\"text-align: center;\"><span style=\"font-size: 28px; color: #008000;\"><strong>WIELKI MA\u0141Y PRZEDSZKOLAK<\/strong><\/span><\/p>\n<p style=\"text-align: center;\"><strong><span style=\"font-size: 20px;\">Przedszkole nr 111 we Wroc\u0142awiu jest w\u015br\u00f3d 7 wroc\u0142awskich plac\u00f3wek, w kt\u00f3rych realizowany b\u0119dzie projekt\u00a0 Wielki Ma\u0142y Przedszkolak. Projekt daje mo\u017cliwo\u015b\u0107 wzbogacenia bazy plac\u00f3wki, proponowanych zaj\u0119\u0107 oraz doskonalenia umiej\u0119tno\u015bci i kompetencji nauczycieli. O realizacji zada\u0144 w ramach projektu b\u0119dziemy systematycznie informowali rodzic\u00f3w naszych wychowank\u00f3w.<\/span><\/strong><\/p>\n<blockquote class=\"wp-embedded-content\" data-secret=\"MtHXZjnvvo\"><p><a href=\"https:\/\/www.ckz.edu.pl\/index.php\/wielki-maly-przedszkolak\/\">WIELKI MA\u0141Y PRZEDSZKOLAK<\/a><\/p><\/blockquote>\n<p><iframe loading=\"lazy\" class=\"wp-embedded-content\" sandbox=\"allow-scripts\" security=\"restricted\" style=\"position: absolute; visibility: hidden;\" title=\"&#8222;WIELKI MA\u0141Y PRZEDSZKOLAK&#8221; &#8212; CPKZ\" src=\"https:\/\/www.ckz.edu.pl\/index.php\/wielki-maly-przedszkolak\/embed\/#?secret=x5EJd9OPO0#?secret=MtHXZjnvvo\" data-secret=\"MtHXZjnvvo\" width=\"500\" height=\"282\" frameborder=\"0\" marginwidth=\"0\" marginheight=\"0\" scrolling=\"no\"><\/iframe><\/p>\n<p><img loading=\"lazy\" decoding=\"async\" class=\"alignnone size-medium wp-image-3456 aligncenter\" src=\"https:\/\/zsp25.edu.wroclaw.pl\/wp-content\/uploads\/sites\/77\/2024\/09\/Wielki-Maly-Przedszkolak-300x199.png\" alt=\"\" width=\"300\" height=\"199\" srcset=\"https:\/\/zsp25.edu.wroclaw.pl\/wp-content\/uploads\/sites\/77\/2024\/09\/Wielki-Maly-Przedszkolak-300x199.png 300w, https:\/\/zsp25.edu.wroclaw.pl\/wp-content\/uploads\/sites\/77\/2024\/09\/Wielki-Maly-Przedszkolak-1024x681.png 1024w, https:\/\/zsp25.edu.wroclaw.pl\/wp-content\/uploads\/sites\/77\/2024\/09\/Wielki-Maly-Przedszkolak-768x510.png 768w, https:\/\/zsp25.edu.wroclaw.pl\/wp-content\/uploads\/sites\/77\/2024\/09\/Wielki-Maly-Przedszkolak-1536x1021.png 1536w, https:\/\/zsp25.edu.wroclaw.pl\/wp-content\/uploads\/sites\/77\/2024\/09\/Wielki-Maly-Przedszkolak.png 1580w\" sizes=\"auto, (max-width: 300px) 100vw, 300px\" \/><\/p>\n<p><img loading=\"lazy\" decoding=\"async\" class=\"alignnone size-medium wp-image-3457 aligncenter\" src=\"https:\/\/zsp25.edu.wroclaw.pl\/wp-content\/uploads\/sites\/77\/2024\/09\/Projekt-300x42.jpg\" alt=\"\" width=\"300\" height=\"42\" srcset=\"https:\/\/zsp25.edu.wroclaw.pl\/wp-content\/uploads\/sites\/77\/2024\/09\/Projekt-300x42.jpg 300w, https:\/\/zsp25.edu.wroclaw.pl\/wp-content\/uploads\/sites\/77\/2024\/09\/Projekt.jpg 633w\" sizes=\"auto, (max-width: 300px) 100vw, 300px\" \/>[\/vc_column_text][vc_column_text css=&#8221;&#8221;][\/vc_column_text][vc_column_text]<\/p>\n<p style=\"text-align: center;\"><strong>Zesp\u00f3\u0142\u00a0 Szkolno &#8211; Przedszkolny nr 25 we Wroc\u0142awiu zosta\u0142\u00a0 uruchomiony 1 wrze\u015bnia 2023 r. uroczyst\u0105 inauguracj\u0105 roku szkolnego 2023\/2024 w Przedszkolu nr 111.<\/strong><\/p>\n<p style=\"text-align: center;\"><strong> 4 wrze\u015bnia 2023 r. mia\u0142o miejsce rozpocz\u0119cie roku szkolnego w Szkole Podstawowej nr 11 we Wroc\u0142awiu<\/strong><\/p>\n<p style=\"text-align: center;\"><strong>Budowa Zespo\u0142u Szkolno &#8211; Przedszkolnego zosta\u0142a dofinansowana z Europejskiego Funduszu Rozwoju Regionalnego w ramach Osi priorytetowej nr 12 \u201eREACT-EU\/(EFRR) Wspieranie kryzysowych dzia\u0142a\u0144 naprawczych w kontek\u015bcie pandemii COVID-19 i przygotowania do ekologicznej i cyfrowej odbudowy gospodarki zwi\u0119kszaj\u0105cej jej odporno\u015b\u0107\u201d, Dzia\u0142ania nr 12.4 \u201eInwestycje spo\u0142eczne \u2013 d\u0142ugoterminowa integracja\u201d w ramach Regionalnego Programu Operacyjnego Wojew\u00f3dztwa Dolno\u015bl\u0105skiego 2014-2020<\/strong><\/p>\n<p style=\"text-align: center;\"><img loading=\"lazy\" decoding=\"async\" class=\"size-medium wp-image-672 aligncenter\" src=\"https:\/\/zsp25.edu.wroclaw.pl\/wp-content\/uploads\/sites\/77\/2023\/10\/logotyp-300x46.gif\" alt=\"\" width=\"300\" height=\"46\" srcset=\"https:\/\/zsp25.edu.wroclaw.pl\/wp-content\/uploads\/sites\/77\/2023\/10\/logotyp-300x46.gif 300w, https:\/\/zsp25.edu.wroclaw.pl\/wp-content\/uploads\/sites\/77\/2023\/10\/logotyp-600x93.gif 600w\" sizes=\"auto, (max-width: 300px) 100vw, 300px\" \/><\/p>\n<p>[\/vc_column_text][vc_column_text css=&#8221;&#8221;]<strong>\u00a0<\/strong><strong><br \/>\n<\/strong><\/p>\n<p style=\"text-align: center;\"><strong>\u00a0 \u00a0Szanowni Pa\u0144stwo,<\/strong><\/p>\n<p style=\"text-align: center;\">prosimy o zapoznanie si\u0119 z informacjami dotycz\u0105cymi \u017cywienia w Zespole Szkolno &#8211; Przedszkolnym nr 25 we Wroc\u0142awiu. Poni\u017cej znajd\u0105 Pa\u0144stwo informacje &#8211; odr\u0119bnie dla przedszkola i dla szko\u0142y, na temat logowania do systemu. Prosimy o zalogowanie si\u0119 do systemu do 31.08.2024r. ( konieczne jest podanie grupy przedszkolnej lub klasy ).<\/p>\n<p style=\"text-align: center;\"><strong><span style=\"color: #ff0000;\">Po zapisaniu dzieci do aplikacji StartEdu na obiady prosimy poczeka\u0107 na mail od Zespo\u0142u Szkolno-Przedszkolnego nr 25, poniewa\u017c ka\u017cde dziecko otrzyma sw\u00f3j indywidualny numer konta do wp\u0142at. Obiady wydawane b\u0119d\u0105 od dnia 3.09.2024r.<\/span><\/strong><\/p>\n<p>INSTRUKCJA DO REJESTRACJI DLA PRZEDSZKOLA:<\/p>\n<p><a href=\"https:\/\/zsp25.edu.wroclaw.pl\/wp-content\/uploads\/sites\/77\/2024\/09\/informacja-o-systemie-i-rejestracji-PRZEDSZKOLE-ZSP25.pdf\">informacja o systemie i rejestracji PRZEDSZKOLE\u00a0<\/a><\/p>\n<p>INSTRUKCJA DO REJESTRACJI DLA KLAS 1-3:<\/p>\n<p><a href=\"https:\/\/zsp25.edu.wroclaw.pl\/wp-content\/uploads\/sites\/77\/2024\/09\/informacja-o-systemie-1-3-1.pdf\">informacja o systemie 1-3<\/a><\/p>\n<p>INSTRUKCJA DO REJESTRACJI DLA KLAS 4-8:<\/p>\n<p><a href=\"https:\/\/zsp25.edu.wroclaw.pl\/wp-content\/uploads\/sites\/77\/2024\/09\/informacja-o-systemie-4-8-1.pdf\">informacja o systemie 4-8<\/a>[\/vc_column_text][vc_column_text]<\/p>\n<p style=\"padding-left: 240px; text-align: center;\"><span style=\"font-size: 14px; color: #000000;\"><strong>Szanowni Pa\u0144stwo,\u00a0<\/strong><\/span><\/p>\n<p style=\"text-align: center;\">zapraszamy do zapoznania si\u0119 z informacjami o trasie nowego autobusu <strong>310<\/strong> oraz\u00a0 z map\u0105 dost\u0119pno\u015bci komunikacyjnej.<\/p>\n<p><img loading=\"lazy\" decoding=\"async\" class=\"size-medium wp-image-339 aligncenter\" src=\"https:\/\/zsp25.edu.wroclaw.pl\/wp-content\/uploads\/sites\/77\/2023\/08\/Trasa-autobusu-310-212x300.jpg\" alt=\"\" width=\"212\" height=\"300\" srcset=\"https:\/\/zsp25.edu.wroclaw.pl\/wp-content\/uploads\/sites\/77\/2023\/08\/Trasa-autobusu-310-212x300.jpg 212w, https:\/\/zsp25.edu.wroclaw.pl\/wp-content\/uploads\/sites\/77\/2023\/08\/Trasa-autobusu-310-723x1024.jpg 723w, https:\/\/zsp25.edu.wroclaw.pl\/wp-content\/uploads\/sites\/77\/2023\/08\/Trasa-autobusu-310-768x1088.jpg 768w, https:\/\/zsp25.edu.wroclaw.pl\/wp-content\/uploads\/sites\/77\/2023\/08\/Trasa-autobusu-310-600x850.jpg 600w, https:\/\/zsp25.edu.wroclaw.pl\/wp-content\/uploads\/sites\/77\/2023\/08\/Trasa-autobusu-310-1085x1536.jpg 1085w, https:\/\/zsp25.edu.wroclaw.pl\/wp-content\/uploads\/sites\/77\/2023\/08\/Trasa-autobusu-310-1446x2048.jpg 1446w, https:\/\/zsp25.edu.wroclaw.pl\/wp-content\/uploads\/sites\/77\/2023\/08\/Trasa-autobusu-310-scaled.jpg 1808w\" sizes=\"auto, (max-width: 212px) 100vw, 212px\" \/><img loading=\"lazy\" decoding=\"async\" class=\"size-medium wp-image-340 aligncenter\" src=\"https:\/\/zsp25.edu.wroclaw.pl\/wp-content\/uploads\/sites\/77\/2023\/08\/Mapa-dostepnosci-komunikacyjnej-ZSP-Asfaltowa-212x300.jpg\" alt=\"\" width=\"212\" height=\"300\" srcset=\"https:\/\/zsp25.edu.wroclaw.pl\/wp-content\/uploads\/sites\/77\/2023\/08\/Mapa-dostepnosci-komunikacyjnej-ZSP-Asfaltowa-212x300.jpg 212w, https:\/\/zsp25.edu.wroclaw.pl\/wp-content\/uploads\/sites\/77\/2023\/08\/Mapa-dostepnosci-komunikacyjnej-ZSP-Asfaltowa-723x1024.jpg 723w, https:\/\/zsp25.edu.wroclaw.pl\/wp-content\/uploads\/sites\/77\/2023\/08\/Mapa-dostepnosci-komunikacyjnej-ZSP-Asfaltowa-768x1088.jpg 768w, https:\/\/zsp25.edu.wroclaw.pl\/wp-content\/uploads\/sites\/77\/2023\/08\/Mapa-dostepnosci-komunikacyjnej-ZSP-Asfaltowa-600x850.jpg 600w, https:\/\/zsp25.edu.wroclaw.pl\/wp-content\/uploads\/sites\/77\/2023\/08\/Mapa-dostepnosci-komunikacyjnej-ZSP-Asfaltowa-1085x1536.jpg 1085w, https:\/\/zsp25.edu.wroclaw.pl\/wp-content\/uploads\/sites\/77\/2023\/08\/Mapa-dostepnosci-komunikacyjnej-ZSP-Asfaltowa-1446x2048.jpg 1446w, https:\/\/zsp25.edu.wroclaw.pl\/wp-content\/uploads\/sites\/77\/2023\/08\/Mapa-dostepnosci-komunikacyjnej-ZSP-Asfaltowa-scaled.jpg 1808w\" sizes=\"auto, (max-width: 212px) 100vw, 212px\" \/>[\/vc_column_text][\/vc_column][\/vc_row]<\/p>\n<\/div>","protected":false},"excerpt":{"rendered":"<p>[vc_row][vc_column width=&#8221;2\/3&#8243;][vc_cta h2=&#8221;O Zespole&#8221; add_icon=&#8221;top&#8221; i_type=&#8221;entypo&#8221; i_icon_entypo=&#8221;entypo-icon entypo-icon-users&#8221; i_color=&#8221;custom&#8221; i_size=&#8221;xl&#8221; css=&#8221;.vc_custom_1737457200808{margin-bottom: 0px !important;padding-top: 0px !important;padding-right: 0px !important;padding-bottom: 0px !important;padding-left: 0px !important;}&#8221; i_custom_color=&#8221;#00366c&#8221;]W czerwcu 2023 r. zako\u0144czy\u0142a\u00a0 si\u0119 budowa jednej z [&hellip;]<\/p>\n","protected":false},"author":7,"featured_media":0,"parent":0,"menu_order":0,"comment_status":"closed","ping_status":"open","template":"","meta":{"footnotes":""},"class_list":["post-2","page","type-page","status-publish","hentry","clearfix"],"_links":{"self":[{"href":"https:\/\/zsp25.edu.wroclaw.pl\/index.php\/wp-json\/wp\/v2\/pages\/2","targetHints":{"allow":["GET"]}}],"collection":[{"href":"https:\/\/zsp25.edu.wroclaw.pl\/index.php\/wp-json\/wp\/v2\/pages"}],"about":[{"href":"https:\/\/zsp25.edu.wroclaw.pl\/index.php\/wp-json\/wp\/v2\/types\/page"}],"author":[{"embeddable":true,"href":"https:\/\/zsp25.edu.wroclaw.pl\/index.php\/wp-json\/wp\/v2\/users\/7"}],"replies":[{"embeddable":true,"href":"https:\/\/zsp25.edu.wroclaw.pl\/index.php\/wp-json\/wp\/v2\/comments?post=2"}],"version-history":[{"count":94,"href":"https:\/\/zsp25.edu.wroclaw.pl\/index.php\/wp-json\/wp\/v2\/pages\/2\/revisions"}],"predecessor-version":[{"id":7674,"href":"https:\/\/zsp25.edu.wroclaw.pl\/index.php\/wp-json\/wp\/v2\/pages\/2\/revisions\/7674"}],"wp:attachment":[{"href":"https:\/\/zsp25.edu.wroclaw.pl\/index.php\/wp-json\/wp\/v2\/media?parent=2"}],"curies":[{"name":"wp","href":"https:\/\/api.w.org\/{rel}","templated":true}]}}