
{"id":5403,"date":"2025-04-15T09:40:06","date_gmt":"2025-04-15T07:40:06","guid":{"rendered":"https:\/\/zsp25.edu.wroclaw.pl\/?page_id=5403"},"modified":"2025-07-11T11:28:33","modified_gmt":"2025-07-11T09:28:33","slug":"deklaracja-dostepnosci","status":"publish","type":"page","link":"https:\/\/zsp25.edu.wroclaw.pl\/index.php\/deklaracja-dostepnosci\/","title":{"rendered":"Deklaracja dost\u0119pno\u015bci"},"content":{"rendered":"<h2 id=\"a11y-deklaracja\" style=\"text-align: left;\"><span style=\"font-size: 36px;\">Deklaracja dost\u0119pno\u015bci Zespo\u0142u Szkolno-Przedszkolnego nr 25<\/span><span style=\"color: #007e9e;\"><strong><span style=\"font-size: 36pt;\"><br \/>\n<\/span><\/strong><\/span><\/h2>\n<p id=\"a11y-wstep\"><span style=\"font-size: 14pt;\"><span id=\"a11y-podmiot\">Zesp\u00f3\u0142 Szkolno-Przedszkolny nr 25 we Wroc\u0142awiu<\/span> zobowi\u0105zuje si\u0119 zapewni\u0107 dost\u0119pno\u015b\u0107 swojej strony internetowej zgodnie z przepisami ustawy z dnia 4\u00a0kwietnia 2019\u00a0r. o\u00a0dost\u0119pno\u015bci cyfrowej stron internetowych i\u00a0aplikacji mobilnych podmiot\u00f3w publicznych. O\u015bwiadczenie w sprawie dost\u0119pno\u015bci ma zastosowanie do strony internetowej <a id=\"a11y-url\" href=\"http:\/\/zsp25.edu.wroclaw.pl\">zsp25.edu.wroclaw.pl<\/a>.<\/span><\/p>\n<ul>\n<li><span style=\"font-size: 14pt;\"><span style=\"font-size: 14pt;\">Data publikacji strony internetowej: <time id=\"a11y-data-publikacja\" datetime=\"2023-04-07\">2023-04-07<\/time><\/span><\/span><\/li>\n<li><span style=\"font-size: 14pt;\"><span style=\"font-size: 14pt;\">Data ostatniej istotnej aktualizacji: <time id=\"a11y-data-aktualizacja\" datetime=\"2023-04-07\">2023-04-07<\/time><\/span><\/span><\/li>\n<\/ul>\n<h2><span style=\"font-size: 36px;\">Status pod wzgl\u0119dem zgodno\u015bci z ustaw\u0105<\/span><\/h2>\n<p><span style=\"font-size: 14pt;\">Strona internetowa jest <strong id=\"a11y-status\">cz\u0119\u015bciowo zgodna<\/strong> z\u00a0ustaw\u0105 o\u00a0dost\u0119pno\u015bci cyfrowej stron internetowych i\u00a0aplikacji mobilnych podmiot\u00f3w publicznych z powodu niezgodno\u015bci lub wy\u0142\u0105cze\u0144 wymienionych poni\u017cej.<\/span><\/p>\n<h2><span style=\"font-size: 36px;\">Tre\u015bci niedost\u0119pne<\/span><\/h2>\n<h3><span style=\"font-size: 24px;\">Niezgodno\u015b\u0107 z za\u0142\u0105cznikiem<\/span><\/h3>\n<ul>\n<li><span style=\"font-size: 14pt;\">Filmy nie maj\u0105 napis\u00f3w dla os\u00f3b nies\u0142ysz\u0105cych<\/span><\/li>\n<li><span style=\"font-size: 14pt;\">Alternatywa w postaci tekstu (nie wszystkie pliki graficzne posiadaj\u0105 alternatywny tekst)<\/span><\/li>\n<li><span style=\"font-size: 14pt;\">Kontrast dla tre\u015bci nieb\u0119d\u0105cych tekstem (nie wszystkie pliki graficzne posiadaj\u0105 kontrast)<\/span><\/li>\n<li><span style=\"font-size: 14pt;\">Dokumenty mog\u0105 by\u0107 zapisane w PDF lub w postaci skan\u00f3w z uwagi na charakter informacji jaki jest niezb\u0119dny do opublikowania informacji<\/span><\/li>\n<\/ul>\n<h3><span style=\"font-size: 24px;\">Nieobj\u0119te przepisami<\/span><\/h3>\n<p><span style=\"font-size: 14pt;\">Dokumenty archiwalne opublikowane na stronie przed 23 wrze\u015bnia 2018 r. nie s\u0105 dost\u0119pne.\u00a0Nie mamy prawnego obowi\u0105zku dostosowywania tych dokument\u00f3w. Je\u017celi potrzebujesz dost\u0119pu do nich skontaktuj si\u0119 z\u00a0nami i\u00a0wska\u017c dok\u0142adnie, kt\u00f3re z\u00a0nich potrzebujesz\u00a0i jak powinni\u015bmy je dostosowa\u0107.<\/span><\/p>\n<h3><span style=\"font-size: 24px;\">Nadmierne koszty<\/span><\/h3>\n<p><span style=\"font-size: 14pt;\">Zapewnienie dost\u0119pno\u015bci element\u00f3w wymienionych powy\u017cej oznacza bardzo wysokie koszty, kt\u00f3re ocenili\u015bmy jako nadmierne obci\u0105\u017cenie opisane w\u00a0ustawie o\u00a0dost\u0119pno\u015bci cyfrowej. Pracujemy nad stopniowym usuwaniem barier.<\/span><\/p>\n<h2><span style=\"font-size: 36px;\">Przygotowanie deklaracji w sprawie dost\u0119pno\u015bci<\/span><\/h2>\n<ul>\n<li><span style=\"font-size: 14pt;\"><span style=\"font-size: 14pt;\">Deklaracj\u0119 sporz\u0105dzono dnia: <time id=\"a11y-data-sporzadzenie\" datetime=\"2023-04-07\">2023-04-07<\/time><\/span><\/span><\/li>\n<li><span style=\"font-size: 14pt;\">Data ostatniego przegl\u0105du deklaracji: <time id=\"a11y-data-sporzadzenie\" datetime=\"2025-03-14\">2025-03-14<\/time><\/span><\/li>\n<li><span style=\"font-size: 14pt;\">Deklaracj\u0119 sporz\u0105dzono na podstawie samooceny w oparciu o <\/span><span style=\"font-size: 14pt;\"><a href=\"https:\/\/www.gov.pl\/attachment\/1a3e2bb5-6d60-4897-ac2f-07a8e91e70ed\">List\u0119 kontroln\u0105 do badania dost\u0119pno\u015bci cyfrowej strony internetowej v. 2.2<\/a> (docx, 0,12MB)<\/span><\/li>\n<\/ul>\n<h2 id=\"a11y-kontakt\"><span style=\"font-size: 36px;\">Informacje zwrotne i dane kontaktowe<\/span><\/h2>\n<ul>\n<li><span style=\"font-size: 14pt;\">Za rozpatrywanie uwag i wniosk\u00f3w odpowiada: Dagmara Babczy\u0144ska<\/span><\/li>\n<li><span style=\"font-size: 14pt;\">E-mail: sekretariat.zsp25@wroclawskaedukacja.pl<br \/>\n<\/span><\/li>\n<li><span style=\"font-size: 14pt;\">Telefon: 71 798 69 43<\/span><\/li>\n<\/ul>\n<p><span style=\"font-size: 14pt;\">T\u0105 sam\u0105 drog\u0105 mo\u017cna sk\u0142ada\u0107 wnioski o udost\u0119pnienie informacji niedost\u0119pnej oraz sk\u0142ada\u0107 \u017c\u0105dania zapewnienia dost\u0119pno\u015bci<\/span><\/p>\n<p id=\"a11y-procedura\"><span style=\"font-size: 14pt;\">Ka\u017cdy ma prawo:<\/span><\/p>\n<ul>\n<li><span style=\"font-size: 14pt;\">zg\u0142osi\u0107 uwagi dotycz\u0105ce dost\u0119pno\u015bci cyfrowej strony lub jej elementu,<\/span><\/li>\n<li><span style=\"font-size: 14pt;\">zg\u0142osi\u0107 \u017c\u0105danie zapewnienia dost\u0119pno\u015bci cyfrowej strony lub jej elementu,<\/span><\/li>\n<li><span style=\"font-size: 14pt;\">wnioskowa\u0107 o udost\u0119pnienie niedost\u0119pnej informacji w innej alternatywnej formie.<\/span><\/li>\n<\/ul>\n<p><span style=\"font-size: 14pt;\">\u017b\u0105danie musi zawiera\u0107:<\/span><\/p>\n<ul>\n<li><span style=\"font-size: 14pt;\">dane kontaktowe osoby zg\u0142aszaj\u0105cej,<\/span><\/li>\n<li><span style=\"font-size: 14pt;\">wskazanie strony lub elementu strony, kt\u00f3rej dotyczy \u017c\u0105danie,<\/span><\/li>\n<li><span style=\"font-size: 14pt;\">wskazanie dogodnej formy udost\u0119pnienia informacji, je\u015bli \u017c\u0105danie dotyczy udost\u0119pnienia w formie alternatywnej informacji niedost\u0119pnej.<\/span><\/li>\n<\/ul>\n<p><span style=\"font-size: 14pt;\">Rozpatrzenie zg\u0142oszenia powinno nast\u0105pi\u0107 niezw\u0142ocznie, najp\u00f3\u017aniej w ci\u0105gu 7 dni. Je\u015bli w tym terminie zapewnienie dost\u0119pno\u015bci albo zapewnienie dost\u0119pu w alternatywnej formie nie jest mo\u017cliwe, powinno nast\u0105pi\u0107 najdalej w ci\u0105gu 2 miesi\u0119cy od daty zg\u0142oszenia.<\/span><\/p>\n<h2><span style=\"font-size: 36px;\">Skargi i odwo\u0142ania<\/span><\/h2>\n<p><span style=\"font-size: 14pt;\">Na niedotrzymanie tych termin\u00f3w oraz na odmow\u0119 realizacji \u017c\u0105dania mo\u017cna z\u0142o\u017cy\u0107 skarg\u0119 do organu nadzoruj\u0105cego poczt\u0105 lub drog\u0105 elektroniczn\u0105 na adres:<\/span><\/p>\n<ul>\n<li><span style=\"font-size: 14pt;\">Organ nadzoruj\u0105cy: Dyrektor ZSP 25<\/span><\/li>\n<li><span style=\"font-size: 14pt;\">Adres: ul. Asfaltowa 6,<\/span><br \/>\n<span style=\"font-size: 14pt;\">52-235 Wroc\u0142aw<\/span><\/li>\n<li><span style=\"font-size: 14pt;\">E-mail: sekretariat.zsp25@wroclawskaedukacja.pl<br \/>\n<\/span><\/li>\n<li><span style=\"font-size: 14pt;\">Telefon: <span id=\"a11y-telefon\">71 798 69 43<\/span><\/span><\/li>\n<\/ul>\n<p><span style=\"font-size: 14pt;\">Skarg\u0119 mo\u017cna z\u0142o\u017cy\u0107 r\u00f3wnie\u017c do <a href=\"https:\/\/www.rpo.gov.pl\/content\/jak-zglosic-sie-do-rzecznika-praw-obywatelskich\">Rzecznika Praw Obywatelskich<\/a>.<\/span><\/p>\n<h2 id=\"a11y-architektura\"><span style=\"font-size: 36px;\">Dost\u0119pno\u015b\u0107 architektoniczna<\/span><\/h2>\n<ul>\n<li><span style=\"font-size: 14pt;\">Zesp\u00f3\u0142 Szkolno-Przedszkolny nr 25 znajduje si\u0119 przy ul. Asfaltowa 6 , 5 Wroc\u0142aw <\/span><\/li>\n<li><span style=\"font-size: 14pt;\">Do budynku Szko\u0142y Podstawowej nr 11 prowadzi 1\u00a0g\u0142\u00f3wne wej\u015bcie od ul. Asfaltowej 6. <\/span><\/li>\n<li><span style=\"font-size: 14pt;\">Wej\u015bcie do szko\u0142y jest z\u00a0poziomu chodnika. <\/span><\/li>\n<li><span style=\"font-size: 14pt;\">Przy budynku szko\u0142y znajduje si\u0119 wydzielone miejsce parkingowe dla pojazd\u00f3w os\u00f3b niepe\u0142nosprawnych.<\/span><\/li>\n<li><span style=\"font-size: 14pt;\">Portiernia os\u00f3b dy\u017curuj\u0105cych znajduje si\u0119 po lewej stronie przy wej\u015bciu.<\/span><\/li>\n<li><span style=\"font-size: 14pt;\">Dla os\u00f3b niepe\u0142nosprawnych na w\u00f3zkach dost\u0119pne s\u0105 korytarze i\u00a0pomieszczenia (sala lekcyjna, toaleta, sto\u0142\u00f3wka, jadalnia) na parterze. <\/span><\/li>\n<li><span style=\"font-size: 14pt;\">Do sal lekcyjnych i\u00a0gabinet\u00f3w na I\u00a0pi\u0119trze osoby niepe\u0142nosprawne mog\u0105 si\u0119 dosta\u0107 za pomoc\u0105 windy.<\/span><\/li>\n<li><span style=\"font-size: 14pt;\">Toaleta dla os\u00f3b niepe\u0142nosprawnych znajduje si\u0119 na parterze.<\/span><\/li>\n<li><span style=\"font-size: 14pt;\">Do budynku i wszystkich jego pomieszcze\u0144 mo\u017cna wej\u015b\u0107 z psem asystuj\u0105cym i psem przewodnikiem.<\/span><\/li>\n<li><span style=\"font-size: 14pt;\">W szkole nie ma p\u0119tli indukcyjnych.<\/span><\/li>\n<li><span style=\"font-size: 14pt;\">W budynku nie ma oznacze\u0144 w alfabecie brajla ani oznacze\u0144 kontrastowych lub <\/span><span style=\"font-size: 14pt;\">w druku powi\u0119kszonym dla os\u00f3b niewidomych i s\u0142abowidz\u0105cych, nie mo\u017cna skorzysta\u0107 z t\u0142umacza j\u0119zyka migowego.<\/span><\/li>\n<\/ul>\n<h2><span style=\"font-size: 36px;\">Udogodnienia<\/span><\/h2>\n<ul>\n<li><span style=\"font-size: 14pt;\">Domy\u015ble skr\u00f3ty klawiszowe przegl\u0105darek internetowych<\/span><\/li>\n<\/ul>\n<ul>\n<li><span style=\"font-size: 14pt;\">Prze\u0142\u0105cznik kontrastowy<\/span><\/li>\n<\/ul>\n","protected":false},"excerpt":{"rendered":"<p>Deklaracja dost\u0119pno\u015bci Zespo\u0142u Szkolno-Przedszkolnego nr 25 Zesp\u00f3\u0142 Szkolno-Przedszkolny nr 25 we Wroc\u0142awiu zobowi\u0105zuje si\u0119 zapewni\u0107 dost\u0119pno\u015b\u0107 swojej strony internetowej zgodnie z przepisami ustawy z dnia 4\u00a0kwietnia 2019\u00a0r. o\u00a0dost\u0119pno\u015bci cyfrowej stron [&hellip;]<\/p>\n","protected":false},"author":7,"featured_media":0,"parent":0,"menu_order":0,"comment_status":"closed","ping_status":"closed","template":"","meta":{"footnotes":""},"class_list":["post-5403","page","type-page","status-publish","hentry","clearfix"],"_links":{"self":[{"href":"https:\/\/zsp25.edu.wroclaw.pl\/index.php\/wp-json\/wp\/v2\/pages\/5403","targetHints":{"allow":["GET"]}}],"collection":[{"href":"https:\/\/zsp25.edu.wroclaw.pl\/index.php\/wp-json\/wp\/v2\/pages"}],"about":[{"href":"https:\/\/zsp25.edu.wroclaw.pl\/index.php\/wp-json\/wp\/v2\/types\/page"}],"author":[{"embeddable":true,"href":"https:\/\/zsp25.edu.wroclaw.pl\/index.php\/wp-json\/wp\/v2\/users\/7"}],"replies":[{"embeddable":true,"href":"https:\/\/zsp25.edu.wroclaw.pl\/index.php\/wp-json\/wp\/v2\/comments?post=5403"}],"version-history":[{"count":4,"href":"https:\/\/zsp25.edu.wroclaw.pl\/index.php\/wp-json\/wp\/v2\/pages\/5403\/revisions"}],"predecessor-version":[{"id":6247,"href":"https:\/\/zsp25.edu.wroclaw.pl\/index.php\/wp-json\/wp\/v2\/pages\/5403\/revisions\/6247"}],"wp:attachment":[{"href":"https:\/\/zsp25.edu.wroclaw.pl\/index.php\/wp-json\/wp\/v2\/media?parent=5403"}],"curies":[{"name":"wp","href":"https:\/\/api.w.org\/{rel}","templated":true}]}}