
{"id":87,"date":"2023-05-10T13:51:49","date_gmt":"2023-05-10T11:51:49","guid":{"rendered":"https:\/\/zsp25.edu.wroclaw.pl\/?page_id=87"},"modified":"2025-09-29T13:49:31","modified_gmt":"2025-09-29T11:49:31","slug":"kadra","status":"publish","type":"page","link":"https:\/\/zsp25.edu.wroclaw.pl\/index.php\/przedszkole\/kadra\/","title":{"rendered":"Kadra"},"content":{"rendered":"<div class=\"wpb-content-wrapper\"><p>[vc_row][vc_column][vc_column_text css=&#8221;&#8221;]<\/p>\n<h3 style=\"text-align: center\"><span style=\"color: #0000ff;font-family: 'comic sans ms', sans-serif\"><strong><em>Nauczyciel to k<\/em><\/strong><strong><em>to\u015b bardzo wyj\u0105tkowy, kto potrafi wykorzysta\u0107 swoj\u0105 pomys\u0142owo\u015b\u0107, dobro\u0107 i dociekliwy umys\u0142 do wypracowania rzadkiej umiej\u0119tno\u015bci zach\u0119cania innych do my\u015blenia, marzenia, poznawania, pr\u00f3bowania, dzia\u0142ania!<br \/>\n<\/em><\/strong>(B. Conklin)<\/span><\/h3>\n<p>Opieka nad dzie\u0107mi przedszkolnymi to bardzo odpowiedzialne zadanie. Powierzamy je wi\u0119c do\u015bwiadczonym osobom, kt\u00f3re posiadaj\u0105 dorobek zawodowy w pracy z dzie\u0107mi oraz uko\u0144czy\u0142y studia na kierunkach pedagogicznych. Nasza kadra dba o ciep\u0142\u0105 i przyjazn\u0105 atmosfer\u0119 w przedszkolu. Cechuje ich otwarto\u015b\u0107, empatia, umiej\u0119tno\u015b\u0107 organizacji i kreatywno\u015b\u0107 w dzia\u0142aniu. Oto nasi nauczyciele:<\/p>\n<p><span style=\"color: #0000ff\"><strong>Grupa I\u00a0<\/strong><\/span><\/p>\n<p>p. Ania E.<\/p>\n<p>p. Kasia F.<\/p>\n<p><span style=\"color: #0000ff\"><strong>Grupa II<\/strong><\/span><\/p>\n<p>p. Agnieszka<\/p>\n<p>p. Ania<\/p>\n<p><span style=\"color: #0000ff\"><strong>Grupa III<\/strong><\/span><\/p>\n<p>p. Judyta<\/p>\n<p>p. Bo\u017cenka<\/p>\n<p><span style=\"color: #0000ff\"><strong>Grupa IV<\/strong><\/span><\/p>\n<p>p. Sandra<\/p>\n<p>p. Kasia D.<\/p>\n<p><span style=\"color: #0000ff\"><strong>Grupa V<\/strong><\/span><\/p>\n<p>p. Ola<\/p>\n<p>p. Kasia S.<\/p>\n<p><span style=\"color: #0000ff\"><strong>Grupa VI<\/strong><\/span><\/p>\n<p>p. Magda<\/p>\n<p>p. Asia<\/p>\n<p><span style=\"color: #0000ff\"><strong>Grupa VII<\/strong><\/span><\/p>\n<p>p. Justyna B.<\/p>\n<p>p. Justyna T.<\/p>\n<p>[\/vc_column_text][\/vc_column][\/vc_row]<\/p>\n<\/div>","protected":false},"excerpt":{"rendered":"<p>[vc_row][vc_column][vc_column_text css=&#8221;&#8221;] Nauczyciel to kto\u015b bardzo wyj\u0105tkowy, kto potrafi wykorzysta\u0107 swoj\u0105 pomys\u0142owo\u015b\u0107, dobro\u0107 i dociekliwy umys\u0142 do wypracowania rzadkiej umiej\u0119tno\u015bci zach\u0119cania innych do my\u015blenia, marzenia, poznawania, pr\u00f3bowania, dzia\u0142ania! (B. Conklin) [&hellip;]<\/p>\n","protected":false},"author":7,"featured_media":0,"parent":61,"menu_order":0,"comment_status":"closed","ping_status":"closed","template":"","meta":{"footnotes":""},"class_list":["post-87","page","type-page","status-publish","hentry","clearfix"],"_links":{"self":[{"href":"https:\/\/zsp25.edu.wroclaw.pl\/index.php\/wp-json\/wp\/v2\/pages\/87","targetHints":{"allow":["GET"]}}],"collection":[{"href":"https:\/\/zsp25.edu.wroclaw.pl\/index.php\/wp-json\/wp\/v2\/pages"}],"about":[{"href":"https:\/\/zsp25.edu.wroclaw.pl\/index.php\/wp-json\/wp\/v2\/types\/page"}],"author":[{"embeddable":true,"href":"https:\/\/zsp25.edu.wroclaw.pl\/index.php\/wp-json\/wp\/v2\/users\/7"}],"replies":[{"embeddable":true,"href":"https:\/\/zsp25.edu.wroclaw.pl\/index.php\/wp-json\/wp\/v2\/comments?post=87"}],"version-history":[{"count":10,"href":"https:\/\/zsp25.edu.wroclaw.pl\/index.php\/wp-json\/wp\/v2\/pages\/87\/revisions"}],"predecessor-version":[{"id":6512,"href":"https:\/\/zsp25.edu.wroclaw.pl\/index.php\/wp-json\/wp\/v2\/pages\/87\/revisions\/6512"}],"up":[{"embeddable":true,"href":"https:\/\/zsp25.edu.wroclaw.pl\/index.php\/wp-json\/wp\/v2\/pages\/61"}],"wp:attachment":[{"href":"https:\/\/zsp25.edu.wroclaw.pl\/index.php\/wp-json\/wp\/v2\/media?parent=87"}],"curies":[{"name":"wp","href":"https:\/\/api.w.org\/{rel}","templated":true}]}}

<div class="wpb-content-wrapper"><p>[vc_row][vc_column][vc_column_text css=&#8221;&#8221;]</p>
<h3 style="text-align: center"><span style="color: #0000ff;font-family: 'comic sans ms', sans-serif"><strong><em>Nauczyciel to k</em></strong><strong><em>toś bardzo wyjątkowy, kto potrafi wykorzystać swoją pomysłowość, dobroć i dociekliwy umysł do wypracowania rzadkiej umiejętności zachęcania innych do myślenia, marzenia, poznawania, próbowania, działania!<br />
</em></strong>(B. Conklin)</span></h3>
<p>Opieka nad dziećmi przedszkolnymi to bardzo odpowiedzialne zadanie. Powierzamy je więc doświadczonym osobom, które posiadają dorobek zawodowy w pracy z dziećmi oraz ukończyły studia na kierunkach pedagogicznych. Nasza kadra dba o ciepłą i przyjazną atmosferę w przedszkolu. Cechuje ich otwartość, empatia, umiejętność organizacji i kreatywność w działaniu. Oto nasi nauczyciele:</p>
<p><span style="color: #0000ff"><strong>Grupa I </strong></span></p>
<p>p. Ania E.</p>
<p>p. Kasia F.</p>
<p><span style="color: #0000ff"><strong>Grupa II</strong></span></p>
<p>p. Agnieszka</p>
<p>p. Ania</p>
<p><span style="color: #0000ff"><strong>Grupa III</strong></span></p>
<p>p. Judyta</p>
<p>p. Bożenka</p>
<p><span style="color: #0000ff"><strong>Grupa IV</strong></span></p>
<p>p. Sandra</p>
<p>p. Kasia D.</p>
<p><span style="color: #0000ff"><strong>Grupa V</strong></span></p>
<p>p. Ola</p>
<p>p. Kasia S.</p>
<p><span style="color: #0000ff"><strong>Grupa VI</strong></span></p>
<p>p. Magda</p>
<p>p. Asia</p>
<p><span style="color: #0000ff"><strong>Grupa VII</strong></span></p>
<p>p. Justyna B.</p>
<p>p. Justyna T.</p>
<p>[/vc_column_text][/vc_column][/vc_row]</p>
</div>

<p>[vc_row][vc_column][vc_column_text css=&#8221;&#8221;] Nauczyciel to ktoś bardzo wyjątkowy, kto potrafi wykorzystać swoją pomysłowość, dobroć i dociekliwy umysł do wypracowania rzadkiej umiejętności zachęcania innych do myślenia, marzenia, poznawania, próbowania, działania! (B. Conklin) [&hellip;]</p>
