
{"id":9,"date":"2023-05-05T08:57:14","date_gmt":"2023-05-05T06:57:14","guid":{"rendered":"https:\/\/zsp25.edu.wroclaw.pl\/?page_id=9"},"modified":"2023-10-23T17:00:20","modified_gmt":"2023-10-23T15:00:20","slug":"o-nas","status":"publish","type":"page","link":"https:\/\/zsp25.edu.wroclaw.pl\/index.php\/o-nas\/","title":{"rendered":"O nas"},"content":{"rendered":"<p>Zesp\u00f3\u0142\u00a0 Szkolno &#8211; Przedszkolny nr 25 we Wroc\u0142awiu zosta\u0142\u00a0 uruchomiony 1 wrze\u015bnia 2023 r. uroczyst\u0105 inauguracj\u0105 roku szkolnego 2023\/2024 w Przedszkolu nr 111. 4 wrze\u015bnia 2023 r. mia\u0142o miejsce rozpocz\u0119cie roku szkolnego w Szkole Podstawowej nr 11 we Wroc\u0142awiu<\/p>\n<p>Budowa Zespo\u0142u Szkolno &#8211; Przedszkolnego zosta\u0142a dofinansowana z Europejskiego Funduszu Rozwoju Regionalnego w ramach Osi priorytetowej nr 12 \u201eREACT-EU\/(EFRR) Wspieranie kryzysowych dzia\u0142a\u0144 naprawczych w kontek\u015bcie pandemii COVID-19 i przygotowania do ekologicznej i cyfrowej odbudowy gospodarki zwi\u0119kszaj\u0105cej jej odporno\u015b\u0107\u201d, Dzia\u0142ania nr 12.4 \u201eInwestycje spo\u0142eczne \u2013 d\u0142ugoterminowa integracja\u201d w ramach Regionalnego Programu Operacyjnego Wojew\u00f3dztwa Dolno\u015bl\u0105skiego 2014-2020<\/p>\n<p>&nbsp;<\/p>\n<p><img loading=\"lazy\" decoding=\"async\" class=\"alignnone size-medium wp-image-672 aligncenter\" src=\"https:\/\/zsp25.edu.wroclaw.pl\/wp-content\/uploads\/sites\/77\/2023\/10\/logotyp-300x46.gif\" alt=\"\" width=\"300\" height=\"46\" srcset=\"https:\/\/zsp25.edu.wroclaw.pl\/wp-content\/uploads\/sites\/77\/2023\/10\/logotyp-300x46.gif 300w, https:\/\/zsp25.edu.wroclaw.pl\/wp-content\/uploads\/sites\/77\/2023\/10\/logotyp-600x93.gif 600w\" sizes=\"auto, (max-width: 300px) 100vw, 300px\" \/><\/p>\n","protected":false},"excerpt":{"rendered":"<p>Zesp\u00f3\u0142\u00a0 Szkolno &#8211; Przedszkolny nr 25 we Wroc\u0142awiu zosta\u0142\u00a0 uruchomiony 1 wrze\u015bnia 2023 r. uroczyst\u0105 inauguracj\u0105 roku szkolnego 2023\/2024 w Przedszkolu nr 111. 4 wrze\u015bnia 2023 r. mia\u0142o miejsce rozpocz\u0119cie [&hellip;]<\/p>\n","protected":false},"author":7,"featured_media":0,"parent":0,"menu_order":0,"comment_status":"closed","ping_status":"closed","template":"","meta":{"footnotes":""},"class_list":["post-9","page","type-page","status-publish","hentry","clearfix"],"_links":{"self":[{"href":"https:\/\/zsp25.edu.wroclaw.pl\/index.php\/wp-json\/wp\/v2\/pages\/9","targetHints":{"allow":["GET"]}}],"collection":[{"href":"https:\/\/zsp25.edu.wroclaw.pl\/index.php\/wp-json\/wp\/v2\/pages"}],"about":[{"href":"https:\/\/zsp25.edu.wroclaw.pl\/index.php\/wp-json\/wp\/v2\/types\/page"}],"author":[{"embeddable":true,"href":"https:\/\/zsp25.edu.wroclaw.pl\/index.php\/wp-json\/wp\/v2\/users\/7"}],"replies":[{"embeddable":true,"href":"https:\/\/zsp25.edu.wroclaw.pl\/index.php\/wp-json\/wp\/v2\/comments?post=9"}],"version-history":[{"count":3,"href":"https:\/\/zsp25.edu.wroclaw.pl\/index.php\/wp-json\/wp\/v2\/pages\/9\/revisions"}],"predecessor-version":[{"id":673,"href":"https:\/\/zsp25.edu.wroclaw.pl\/index.php\/wp-json\/wp\/v2\/pages\/9\/revisions\/673"}],"wp:attachment":[{"href":"https:\/\/zsp25.edu.wroclaw.pl\/index.php\/wp-json\/wp\/v2\/media?parent=9"}],"curies":[{"name":"wp","href":"https:\/\/api.w.org\/{rel}","templated":true}]}}

<p>Zespół  Szkolno &#8211; Przedszkolny nr 25 we Wrocławiu został  uruchomiony 1 września 2023 r. uroczystą inauguracją roku szkolnego 2023/2024 w Przedszkolu nr 111. 4 września 2023 r. miało miejsce rozpoczęcie roku szkolnego w Szkole Podstawowej nr 11 we Wrocławiu</p>
<p>Budowa Zespołu Szkolno &#8211; Przedszkolnego została dofinansowana z Europejskiego Funduszu Rozwoju Regionalnego w ramach Osi priorytetowej nr 12 „REACT-EU/(EFRR) Wspieranie kryzysowych działań naprawczych w kontekście pandemii COVID-19 i przygotowania do ekologicznej i cyfrowej odbudowy gospodarki zwiększającej jej odporność”, Działania nr 12.4 „Inwestycje społeczne – długoterminowa integracja” w ramach Regionalnego Programu Operacyjnego Województwa Dolnośląskiego 2014-2020</p>
<p>&nbsp;</p>
<p><img loading="lazy" decoding="async" class="alignnone size-medium wp-image-672 aligncenter" src="https://zsp25.edu.wroclaw.pl/wp-content/uploads/sites/77/2023/10/logotyp-300x46.gif" alt="" width="300" height="46" srcset="https://zsp25.edu.wroclaw.pl/wp-content/uploads/sites/77/2023/10/logotyp-300x46.gif 300w, https://zsp25.edu.wroclaw.pl/wp-content/uploads/sites/77/2023/10/logotyp-600x93.gif 600w" sizes="auto, (max-width: 300px) 100vw, 300px" /></p>

<p>Zespół  Szkolno &#8211; Przedszkolny nr 25 we Wrocławiu został  uruchomiony 1 września 2023 r. uroczystą inauguracją roku szkolnego 2023/2024 w Przedszkolu nr 111. 4 września 2023 r. miało miejsce rozpoczęcie [&hellip;]</p>
